Last updated on 2020-07-02 02:09:47 CEST.
Flavor | Version | Tinstall | Tcheck | Ttotal | Status | Flags |
---|---|---|---|---|---|---|
r-devel-linux-x86_64-debian-clang | 0.1.4 | 3.24 | 31.39 | 34.63 | OK | |
r-devel-linux-x86_64-debian-gcc | 0.1.4 | 2.89 | 24.48 | 27.37 | OK | |
r-devel-linux-x86_64-fedora-clang | 0.1.4 | 50.30 | OK | |||
r-devel-linux-x86_64-fedora-gcc | 0.1.4 | 41.34 | OK | |||
r-patched-linux-x86_64 | 0.1.4 | 3.09 | 31.79 | 34.88 | OK | |
r-patched-solaris-x86 | 0.1.4 | 67.90 | OK | |||
r-release-linux-x86_64 | 0.1.4 | 3.64 | 31.59 | 35.23 | OK | |
r-release-osx-x86_64 | 0.1.4 | OK | ||||
r-release-windows-ix86+x86_64 | 0.1.4 | 2.00 | 7.00 | 9.00 | ERROR | |
r-oldrel-osx-x86_64 | 0.1.4 | OK | ||||
r-oldrel-windows-ix86+x86_64 | 0.1.4 | 18.00 | 61.00 | 79.00 | OK |
Version: 0.1.4
Check: whether package can be installed
Result: ERROR
Installation failed.
Flavor: r-release-windows-ix86+x86_64