CRAN Package Check Results for Package epuR

Last updated on 2020-07-02 02:09:48 CEST.

Flavor Version Tinstall Tcheck Ttotal Status Flags
r-devel-linux-x86_64-debian-clang 0.1 5.21 49.84 55.05 OK
r-devel-linux-x86_64-debian-gcc 0.1 4.02 37.12 41.14 OK
r-devel-linux-x86_64-fedora-clang 0.1 69.66 OK
r-devel-linux-x86_64-fedora-gcc 0.1 59.89 OK
r-patched-linux-x86_64 0.1 4.95 47.40 52.35 OK
r-patched-solaris-x86 0.1 88.90 WARN
r-release-linux-x86_64 0.1 4.96 47.50 52.46 OK
r-release-osx-x86_64 0.1 OK
r-release-windows-ix86+x86_64 0.1 9.00 68.00 77.00 OK
r-oldrel-osx-x86_64 0.1 WARN
r-oldrel-windows-ix86+x86_64 0.1 11.00 92.00 103.00 OK

Check Details

Version: 0.1
Check: re-building of vignette outputs
Result: WARN
    Error(s) in re-building vignettes:
     ...
    --- re-building ‘epuR_intro.Rmd’ using rmarkdown
    Warning in engine$weave(file, quiet = quiet, encoding = enc) :
     Pandoc (>= 1.12.3) and/or pandoc-citeproc not available. Falling back to R Markdown v1.
    Quitting from lines 21-25 (epuR_intro.Rmd)
    Error: processing vignette 'epuR_intro.Rmd' failed with diagnostics:
    there is no package called 'webshot'
    --- failed re-building ‘epuR_intro.Rmd’
    
    SUMMARY: processing the following file failed:
     ‘epuR_intro.Rmd’
    
    Error: Vignette re-building failed.
    Execution halted
Flavor: r-patched-solaris-x86

Version: 0.1
Check: re-building of vignette outputs
Result: WARN
    Error(s) in re-building vignettes:
     ...
    --- re-building ‘epuR_intro.Rmd’ using rmarkdown
    Warning in engine$weave(file, quiet = quiet, encoding = enc) :
     Pandoc (>= 1.12.3) and/or pandoc-citeproc not available. Falling back to R Markdown v1.
    Quitting from lines 21-25 (epuR_intro.Rmd)
    Error: processing vignette 'epuR_intro.Rmd' failed with diagnostics:
    cannot open the connection
    --- failed re-building ‘epuR_intro.Rmd’
    
    SUMMARY: processing the following file failed:
     ‘epuR_intro.Rmd’
    
    Error: Vignette re-building failed.
    Execution halted
Flavor: r-oldrel-osx-x86_64