CRAN Package Check Results for Package erah

Last updated on 2020-07-02 02:09:48 CEST.

Flavor Version Tinstall Tcheck Ttotal Status Flags
r-devel-linux-x86_64-debian-clang 1.1.0 18.56 98.02 116.58 NOTE
r-devel-linux-x86_64-debian-gcc 1.1.0 13.00 77.43 90.43 OK
r-devel-linux-x86_64-fedora-clang 1.1.0 147.57 NOTE
r-devel-linux-x86_64-fedora-gcc 1.1.0 138.67 OK
r-devel-windows-ix86+x86_64 1.1.0 52.00 129.00 181.00 OK
r-patched-linux-x86_64 1.1.0 14.68 99.32 114.00 OK
r-patched-solaris-x86 1.1.0 194.80 NOTE
r-release-linux-x86_64 1.1.0 12.68 99.66 112.34 OK
r-release-osx-x86_64 1.1.0 OK
r-release-windows-ix86+x86_64 1.1.0 35.00 136.00 171.00 OK
r-oldrel-osx-x86_64 1.1.0 NOTE
r-oldrel-windows-ix86+x86_64 1.1.0 30.00 183.00 213.00 OK

Check Details

Version: 1.1.0
Check: package dependencies
Result: NOTE
    Package suggested but not available for checking: 'mzR'
Flavors: r-devel-linux-x86_64-debian-clang, r-devel-linux-x86_64-fedora-clang, r-patched-solaris-x86, r-oldrel-osx-x86_64