CRAN Package Check Results for Package ergmito

Last updated on 2020-07-02 02:09:48 CEST.

Flavor Version Tinstall Tcheck Ttotal Status Flags
r-devel-linux-x86_64-debian-clang 0.2-1 115.97 184.88 300.85 OK
r-devel-linux-x86_64-debian-gcc 0.2-1 92.63 137.56 230.19 OK
r-devel-linux-x86_64-fedora-clang 0.2-1 390.08 NOTE
r-devel-linux-x86_64-fedora-gcc 0.2-1 370.24 OK
r-patched-linux-x86_64 0.2-1 96.33 175.71 272.04 OK
r-patched-solaris-x86 0.2-1 508.10 OK
r-release-linux-x86_64 0.2-1 96.24 173.92 270.16 OK
r-release-osx-x86_64 0.2-1 OK
r-release-windows-ix86+x86_64 0.2-1 214.00 356.00 570.00 OK
r-oldrel-osx-x86_64 0.2-1 OK
r-oldrel-windows-ix86+x86_64 0.2-1 203.00 432.00 635.00 OK

Check Details

Version: 0.2-1
Check: installed package size
Result: NOTE
     installed size is 5.4Mb
     sub-directories of 1Mb or more:
     libs 4.0Mb
Flavor: r-devel-linux-x86_64-fedora-clang