Last updated on 2020-07-02 02:09:48 CEST.
Flavor | Version | Tinstall | Tcheck | Ttotal | Status | Flags |
---|---|---|---|---|---|---|
r-devel-linux-x86_64-debian-clang | 0.3.9 | 4.59 | 58.82 | 63.41 | OK | |
r-devel-linux-x86_64-debian-gcc | 0.3.9 | 3.49 | 44.83 | 48.32 | OK | |
r-devel-linux-x86_64-fedora-clang | 0.3.9 | 84.80 | NOTE | |||
r-devel-linux-x86_64-fedora-gcc | 0.3.9 | 83.72 | NOTE | |||
r-patched-linux-x86_64 | 0.3.9 | 4.09 | 57.39 | 61.48 | OK | |
r-patched-solaris-x86 | 0.3.9 | 106.50 | NOTE | |||
r-release-linux-x86_64 | 0.3.9 | 4.31 | 56.82 | 61.13 | OK | |
r-release-osx-x86_64 | 0.3.9 | NOTE | ||||
r-release-windows-ix86+x86_64 | 0.3.9 | 12.00 | 82.00 | 94.00 | OK | |
r-oldrel-osx-x86_64 | 0.3.9 | NOTE | ||||
r-oldrel-windows-ix86+x86_64 | 0.3.9 | 16.00 | 101.00 | 117.00 | OK |
Version: 0.3.9
Check: dependencies in R code
Result: NOTE
Namespace in Imports field not imported from: ‘stringr’
All declared Imports should be used.
Flavors: r-devel-linux-x86_64-fedora-clang, r-devel-linux-x86_64-fedora-gcc, r-patched-solaris-x86, r-release-osx-x86_64, r-oldrel-osx-x86_64