CRAN Package Check Results for Package expss

Last updated on 2020-07-02 02:09:48 CEST.

Flavor Version Tinstall Tcheck Ttotal Status Flags
r-devel-linux-x86_64-debian-clang 0.10.2 19.87 226.44 246.31 WARN --no-tests
r-devel-linux-x86_64-debian-gcc 0.10.2 13.45 272.10 285.55 WARN --no-tests
r-devel-linux-x86_64-fedora-clang 0.10.2 294.32 WARN
r-devel-linux-x86_64-fedora-gcc 0.10.2 287.68 WARN
r-devel-windows-ix86+x86_64 0.10.2 37.00 266.00 303.00 WARN
r-patched-linux-x86_64 0.10.2 15.80 236.68 252.48 WARN --no-tests
r-patched-solaris-x86 0.10.2 234.30 WARN
r-release-linux-x86_64 0.10.2 17.60 228.74 246.34 WARN --no-tests
r-release-osx-x86_64 0.10.2 OK
r-release-windows-ix86+x86_64 0.10.2 25.00 181.00 206.00 WARN
r-oldrel-osx-x86_64 0.10.2 OK
r-oldrel-windows-ix86+x86_64 0.10.2 26.00 237.00 263.00 WARN

Check Details

Version: 0.10.2
Flags: --no-tests
Check: S3 generic/method consistency
Result: WARN
    htmlTable:
     function(x, header, rnames, rowlabel, caption, tfoot, label, rgroup,
     n.rgroup, cgroup, n.cgroup, tspanner, n.tspanner, total,
     ctable, compatibility, cspan.rgroup, escape.html, ...)
    htmlTable.etable:
     function(x, digits, escape.html, ..., row_groups)
    
    htmlTable:
     function(x, header, rnames, rowlabel, caption, tfoot, label, rgroup,
     n.rgroup, cgroup, n.cgroup, tspanner, n.tspanner, total,
     ctable, compatibility, cspan.rgroup, escape.html, ...)
    htmlTable.list:
     function(x, gap, ...)
    
    htmlTable:
     function(x, header, rnames, rowlabel, caption, tfoot, label, rgroup,
     n.rgroup, cgroup, n.cgroup, tspanner, n.tspanner, total,
     ctable, compatibility, cspan.rgroup, escape.html, ...)
    htmlTable.with_caption:
     function(x, digits, escape.html, ..., row_groups)
    
    See section 'Generic functions and methods' in the 'Writing R
    Extensions' manual.
Flavors: r-devel-linux-x86_64-debian-clang, r-devel-linux-x86_64-debian-gcc, r-patched-linux-x86_64, r-release-linux-x86_64

Version: 0.10.2
Check: S3 generic/method consistency
Result: WARN
    htmlTable:
     function(x, header, rnames, rowlabel, caption, tfoot, label, rgroup,
     n.rgroup, cgroup, n.cgroup, tspanner, n.tspanner, total,
     ctable, compatibility, cspan.rgroup, escape.html, ...)
    htmlTable.etable:
     function(x, digits, escape.html, ..., row_groups)
    
    htmlTable:
     function(x, header, rnames, rowlabel, caption, tfoot, label, rgroup,
     n.rgroup, cgroup, n.cgroup, tspanner, n.tspanner, total,
     ctable, compatibility, cspan.rgroup, escape.html, ...)
    htmlTable.list:
     function(x, gap, ...)
    
    htmlTable:
     function(x, header, rnames, rowlabel, caption, tfoot, label, rgroup,
     n.rgroup, cgroup, n.cgroup, tspanner, n.tspanner, total,
     ctable, compatibility, cspan.rgroup, escape.html, ...)
    htmlTable.with_caption:
     function(x, digits, escape.html, ..., row_groups)
    
    See section ‘Generic functions and methods’ in the ‘Writing R
    Extensions’ manual.
Flavors: r-devel-linux-x86_64-fedora-clang, r-devel-linux-x86_64-fedora-gcc, r-devel-windows-ix86+x86_64, r-patched-solaris-x86, r-release-windows-ix86+x86_64, r-oldrel-windows-ix86+x86_64

Version: 0.10.2
Check: re-building of vignette outputs
Result: WARN
    Error(s) in re-building vignettes:
     ...
    --- re-building ‘examples.Rmd’ using rmarkdown
    Warning in engine$weave(file, quiet = quiet, encoding = enc) :
     Pandoc (>= 1.12.3) and/or pandoc-citeproc not available. Falling back to R Markdown v1.
    Quitting from lines 43-50 (examples.Rmd)
    Error: processing vignette 'examples.Rmd' failed with diagnostics:
    ncol(obj1) is not NULL or ncol(obj2) is not NULL or ncol(obj1) not equal to ncol(obj2)
    --- failed re-building ‘examples.Rmd’
    
    --- re-building ‘labels-support.Rmd’ using rmarkdown
    Warning in engine$weave(file, quiet = quiet, encoding = enc) :
     Pandoc (>= 1.12.3) and/or pandoc-citeproc not available. Falling back to R Markdown v1.
    
    Use 'expss_output_viewer()' to display tables in the RStudio Viewer.
     To return to the console output, use 'expss_output_default()'.
    
    --- finished re-building ‘labels-support.Rmd’
    
    --- re-building ‘tables-with-labels.Rmd’ using rmarkdown
    Warning in engine$weave(file, quiet = quiet, encoding = enc) :
     Pandoc (>= 1.12.3) and/or pandoc-citeproc not available. Falling back to R Markdown v1.
    
    Use 'expss_output_rnotebook()' to display tables inside R Notebooks.
     To return to the console output, use 'expss_output_default()'.
    
    Quitting from lines 61-74 (tables-with-labels.Rmd)
    Error: processing vignette 'tables-with-labels.Rmd' failed with diagnostics:
    ncol(obj1) is not NULL or ncol(obj2) is not NULL or ncol(obj1) not equal to ncol(obj2)
    --- failed re-building ‘tables-with-labels.Rmd’
    
    --- re-building ‘xlsx-export.Rmd’ using rmarkdown
    Warning in engine$weave(file, quiet = quiet, encoding = enc) :
     Pandoc (>= 1.12.3) and/or pandoc-citeproc not available. Falling back to R Markdown v1.
    Quitting from lines 20-49 (xlsx-export.Rmd)
    Error: processing vignette 'xlsx-export.Rmd' failed with diagnostics:
    ncol(obj1) is not NULL or ncol(obj2) is not NULL or ncol(obj1) not equal to ncol(obj2)
    --- failed re-building ‘xlsx-export.Rmd’
    
    SUMMARY: processing the following files failed:
     ‘examples.Rmd’ ‘tables-with-labels.Rmd’ ‘xlsx-export.Rmd’
    
    Error: Vignette re-building failed.
    Execution halted
Flavor: r-patched-solaris-x86