CRAN Package Check Results for Package fastmatch

Last updated on 2020-07-02 02:09:48 CEST.

Flavor Version Tinstall Tcheck Ttotal Status Flags
r-devel-linux-x86_64-debian-clang 1.1-0 2.88 35.51 38.39 NOTE
r-devel-linux-x86_64-debian-gcc 1.1-0 2.43 27.60 30.03 NOTE
r-devel-linux-x86_64-fedora-clang 1.1-0 54.18 NOTE
r-devel-linux-x86_64-fedora-gcc 1.1-0 44.43 NOTE
r-devel-windows-ix86+x86_64 1.1-0 12.00 72.00 84.00 NOTE
r-patched-linux-x86_64 1.1-0 2.72 33.80 36.52 NOTE
r-patched-solaris-x86 1.1-0 76.20 NOTE
r-release-linux-x86_64 1.1-0 2.71 34.21 36.92 NOTE
r-release-osx-x86_64 1.1-0 NOTE
r-release-windows-ix86+x86_64 1.1-0 10.00 76.00 86.00 NOTE
r-oldrel-osx-x86_64 1.1-0 NOTE
r-oldrel-windows-ix86+x86_64 1.1-0 10.00 92.00 102.00 NOTE

Additional issues

rchk

Check Details

Version: 1.1-0
Check: compiled code
Result: NOTE
    File 'fastmatch/libs/fastmatch.so':
     Found non-API call to R: 'match5'
    
    Compiled code should not call non-API entry points in R.
    
    See 'Writing portable packages' in the 'Writing R Extensions' manual.
Flavors: r-devel-linux-x86_64-debian-clang, r-devel-linux-x86_64-debian-gcc, r-patched-linux-x86_64, r-patched-solaris-x86, r-release-linux-x86_64, r-release-osx-x86_64, r-oldrel-osx-x86_64

Version: 1.1-0
Check: compiled code
Result: NOTE
    File ‘fastmatch/libs/fastmatch.so’:
     Found non-API call to R: ‘match5’
    File ‘fastmatch/libs/fastmatch.so’:
     Found no calls to: ‘R_registerRoutines’, ‘R_useDynamicSymbols’
    
    Compiled code should not call non-API entry points in R.
    It is good practice to register native routines and to disable symbol
    search.
    
    See ‘Writing portable packages’ in the ‘Writing R Extensions’ manual.
Flavors: r-devel-linux-x86_64-fedora-clang, r-devel-linux-x86_64-fedora-gcc

Version: 1.1-0
Check: compiled code
Result: NOTE
    File 'fastmatch/libs/i386/fastmatch.dll':
     Found non-API call to R: 'match5'
    File 'fastmatch/libs/x64/fastmatch.dll':
     Found non-API call to R: 'match5'
    
    Compiled code should not call non-API entry points in R.
    
    See 'Writing portable packages' in the 'Writing R Extensions' manual.
Flavors: r-devel-windows-ix86+x86_64, r-release-windows-ix86+x86_64, r-oldrel-windows-ix86+x86_64