CRAN Package Check Results for Package febr

Last updated on 2020-07-02 02:09:48 CEST.

Flavor Version Tinstall Tcheck Ttotal Status Flags
r-devel-linux-x86_64-debian-clang 1.1.0 6.47 53.80 60.27 OK
r-devel-linux-x86_64-debian-gcc 1.1.0 5.39 41.02 46.41 OK
r-devel-linux-x86_64-fedora-clang 1.1.0 78.85 NOTE
r-devel-linux-x86_64-fedora-gcc 1.1.0 69.80 OK
r-devel-windows-ix86+x86_64 1.1.0 21.00 97.00 118.00 OK
r-patched-linux-x86_64 1.1.0 5.99 52.08 58.07 OK
r-patched-solaris-x86 1.1.0 108.60 OK
r-release-linux-x86_64 1.1.0 6.13 51.94 58.07 ERROR
r-release-osx-x86_64 1.1.0 OK
r-release-windows-ix86+x86_64 1.1.0 17.00 105.00 122.00 OK
r-oldrel-osx-x86_64 1.1.0 OK
r-oldrel-windows-ix86+x86_64 1.1.0 26.00 139.00 165.00 ERROR

Check Details

Version: 1.1.0
Check: Rd cross-references
Result: NOTE
    Undeclared package ‘openxlsx’ in Rd xrefs
Flavor: r-devel-linux-x86_64-fedora-clang

Version: 1.1.0
Check: examples
Result: ERROR
    Running examples in ‘febr-Ex.R’ failed
    The error most likely occurred in:
    
    > base::assign(".ptime", proc.time(), pos = "CheckExEnv")
    > ### Name: febr2spdf
    > ### Title: Create an sf object
    > ### Aliases: febr2spdf febr2sf
    >
    > ### ** Examples
    >
    > res <- observation(dataset = "ctb0003", variable = "taxon",
    + progress = FALSE, verbose = FALSE)
    Warning in utils::download.file(url = url, destfile = destfile, quiet = TRUE) :
     cannot open URL 'https://doc-0o-0o-sheets.googleusercontent.com/export/l5l039s6ni5uumqbsj9o11lmdc/5ca97qcusitaa7pk88psjiu2eo/1593494555000/102266921966617795057/*/1_sX8qx_zzHQhxaV3Bh6irU9ceFBuDY9O_ar68xp4aE4?format=csv': HTTP status was '400 Bad Request'
    Error in utils::download.file(url = url, destfile = destfile, quiet = TRUE) :
     cannot open URL 'https://docs.google.com/spreadsheets/d/1_sX8qx_zzHQhxaV3Bh6irU9ceFBuDY9O_ar68xp4aE4/export?format=csv'
    Calls: observation -> .readGoogleSheetCSV -> <Anonymous>
    Execution halted
Flavor: r-release-linux-x86_64

Version: 1.1.0
Check: examples
Result: ERROR
    Running examples in 'febr-Ex.R' failed
    The error most likely occurred in:
    
    > ### Name: febr2spdf
    > ### Title: Create an sf object
    > ### Aliases: febr2spdf febr2sf
    >
    > ### ** Examples
    >
    > res <- observation(dataset = "ctb0003", variable = "taxon",
    + progress = FALSE, verbose = FALSE)
    Warning in utils::download.file(url = url, destfile = destfile, quiet = TRUE) :
     InternetOpenUrl failed: '<05>'
    Error in utils::download.file(url = url, destfile = destfile, quiet = TRUE) :
     cannot open URL 'https://docs.google.com/spreadsheets/d/18yP9Hpp8oMdbGsf6cVu4vkDv-Dj-j5gjEFgEXN-5H-Q/export?format=csv'
    Calls: observation -> .getSheetsKeys -> <Anonymous>
    Execution halted
Flavor: r-oldrel-windows-ix86+x86_64