CRAN Package Check Results for Package fedregs

Last updated on 2020-07-02 02:09:48 CEST.

Flavor Version Tinstall Tcheck Ttotal Status Flags
r-devel-linux-x86_64-debian-clang 1.0.0 4.77 45.22 49.99 OK
r-devel-linux-x86_64-debian-gcc 1.0.0 3.93 34.93 38.86 OK
r-devel-linux-x86_64-fedora-clang 1.0.0 66.45 NOTE
r-devel-linux-x86_64-fedora-gcc 1.0.0 57.04 NOTE
r-patched-linux-x86_64 1.0.0 4.79 44.61 49.40 OK
r-patched-solaris-x86 1.0.0 91.50 NOTE
r-release-linux-x86_64 1.0.0 4.32 44.90 49.22 OK
r-release-osx-x86_64 1.0.0 NOTE
r-release-windows-ix86+x86_64 1.0.0 12.00 72.00 84.00 OK
r-oldrel-osx-x86_64 1.0.0 NOTE
r-oldrel-windows-ix86+x86_64 1.0.0 21.00 94.00 115.00 OK

Check Details

Version: 1.0.0
Check: dependencies in R code
Result: NOTE
    Namespaces in Imports field not imported from:
     ‘rvest’ ‘stringi’
     All declared Imports should be used.
Flavors: r-devel-linux-x86_64-fedora-clang, r-devel-linux-x86_64-fedora-gcc, r-patched-solaris-x86, r-release-osx-x86_64, r-oldrel-osx-x86_64