Last updated on 2020-07-02 02:09:48 CEST.
Flavor | Version | Tinstall | Tcheck | Ttotal | Status | Flags |
---|---|---|---|---|---|---|
r-devel-linux-x86_64-debian-clang | 2.2-14.2 | 42.17 | 90.21 | 132.38 | NOTE | |
r-devel-linux-x86_64-debian-gcc | 2.2-14.2 | 36.54 | 67.43 | 103.97 | NOTE | |
r-devel-linux-x86_64-fedora-clang | 2.2-14.2 | 172.35 | WARN | |||
r-devel-linux-x86_64-fedora-gcc | 2.2-14.2 | 163.99 | NOTE | |||
r-devel-windows-ix86+x86_64 | 2.2-14.2 | 116.00 | 167.00 | 283.00 | NOTE | |
r-patched-linux-x86_64 | 2.2-14.2 | 40.02 | 89.78 | 129.80 | NOTE | |
r-patched-solaris-x86 | 2.2-14.2 | 216.80 | NOTE | |||
r-release-linux-x86_64 | 2.2-14.2 | 39.43 | 89.13 | 128.56 | NOTE | |
r-release-osx-x86_64 | 2.2-14.2 | NOTE | ||||
r-release-windows-ix86+x86_64 | 2.2-14.2 | 93.00 | 129.00 | 222.00 | NOTE | |
r-oldrel-osx-x86_64 | 2.2-14.2 | NOTE | ||||
r-oldrel-windows-ix86+x86_64 | 2.2-14.2 | 100.00 | 171.00 | 271.00 | NOTE |
Version: 2.2-14.2
Check: dependencies in R code
Result: NOTE
Unexported object imported by a ':::' call: 'bit:::R_bit_as_hi'
See the note in ?`:::` about the use of this operator.
Flavors: r-devel-linux-x86_64-debian-clang, r-devel-linux-x86_64-debian-gcc, r-devel-linux-x86_64-fedora-clang, r-devel-linux-x86_64-fedora-gcc, r-devel-windows-ix86+x86_64, r-patched-linux-x86_64, r-patched-solaris-x86, r-release-linux-x86_64, r-release-osx-x86_64, r-release-windows-ix86+x86_64, r-oldrel-osx-x86_64, r-oldrel-windows-ix86+x86_64
Version: 2.2-14.2
Check: package dependencies
Result: WARN
Requires orphaned package: ‘bit’
Flavor: r-devel-linux-x86_64-fedora-clang
Version: 2.2-14.2
Check: compiled code
Result: NOTE
File ‘ff/libs/ff.so’:
Found no call to: ‘R_useDynamicSymbols’
It is good practice to register native routines and to disable symbol
search.
See ‘Writing portable packages’ in the ‘Writing R Extensions’ manual.
Flavors: r-devel-linux-x86_64-fedora-clang, r-devel-linux-x86_64-fedora-gcc