Last updated on 2020-07-02 02:09:48 CEST.
Flavor | Version | Tinstall | Tcheck | Ttotal | Status | Flags |
---|---|---|---|---|---|---|
r-devel-linux-x86_64-debian-clang | 1.1 | 42.53 | 134.13 | 176.66 | OK | |
r-devel-linux-x86_64-debian-gcc | 1.1 | 29.57 | 101.80 | 131.37 | OK | |
r-devel-linux-x86_64-fedora-clang | 1.1 | 219.58 | NOTE | |||
r-devel-linux-x86_64-fedora-gcc | 1.1 | 205.18 | NOTE | |||
r-patched-linux-x86_64 | 1.1 | 29.07 | 129.12 | 158.19 | OK | |
r-patched-solaris-x86 | 1.1 | 298.50 | NOTE | |||
r-release-linux-x86_64 | 1.1 | 24.45 | 130.77 | 155.22 | OK | |
r-release-osx-x86_64 | 1.1 | NOTE | ||||
r-release-windows-ix86+x86_64 | 1.1 | 87.00 | 202.00 | 289.00 | OK | |
r-oldrel-osx-x86_64 | 1.1 | WARN | ||||
r-oldrel-windows-ix86+x86_64 | 1.1 | 144.00 | 268.00 | 412.00 | OK |
Version: 1.1
Check: dependencies in R code
Result: NOTE
Namespace in Imports field not imported from: ‘RcppProgress’
All declared Imports should be used.
Flavors: r-devel-linux-x86_64-fedora-clang, r-devel-linux-x86_64-fedora-gcc, r-patched-solaris-x86, r-release-osx-x86_64, r-oldrel-osx-x86_64
Version: 1.1
Check: whether package can be installed
Result: WARN
Found the following significant warnings:
Warning: 'rgl_init' failed, running with rgl.useNULL = TRUE
Flavor: r-oldrel-osx-x86_64