Last updated on 2020-07-02 02:09:49 CEST.
Flavor | Version | Tinstall | Tcheck | Ttotal | Status | Flags |
---|---|---|---|---|---|---|
r-devel-linux-x86_64-debian-clang | 0.1.0 | 7.03 | 70.32 | 77.35 | NOTE | |
r-devel-linux-x86_64-debian-gcc | 0.1.0 | 4.96 | 52.44 | 57.40 | NOTE | |
r-devel-linux-x86_64-fedora-clang | 0.1.0 | 96.19 | NOTE | |||
r-devel-linux-x86_64-fedora-gcc | 0.1.0 | 84.37 | NOTE | |||
r-devel-windows-ix86+x86_64 | 0.1.0 | 22.00 | 123.00 | 145.00 | NOTE | |
r-patched-linux-x86_64 | 0.1.0 | 6.05 | 68.28 | 74.33 | NOTE | |
r-patched-solaris-x86 | 0.1.0 | 123.80 | NOTE | |||
r-release-linux-x86_64 | 0.1.0 | 5.95 | 68.22 | 74.17 | NOTE | |
r-release-osx-x86_64 | 0.1.0 | NOTE | ||||
r-release-windows-ix86+x86_64 | 0.1.0 | 17.00 | 101.00 | 118.00 | NOTE | |
r-oldrel-osx-x86_64 | 0.1.0 | NOTE | ||||
r-oldrel-windows-ix86+x86_64 | 0.1.0 | 26.00 | 111.00 | 137.00 | OK |
Version: 0.1.0
Check: package dependencies
Result: NOTE
Package suggested but not available for checking: 'ExtDist'
Flavors: r-devel-linux-x86_64-debian-clang, r-devel-linux-x86_64-debian-gcc, r-devel-linux-x86_64-fedora-clang, r-devel-linux-x86_64-fedora-gcc, r-devel-windows-ix86+x86_64, r-patched-linux-x86_64, r-patched-solaris-x86, r-release-linux-x86_64, r-release-osx-x86_64, r-release-windows-ix86+x86_64, r-oldrel-osx-x86_64