CRAN Package Check Results for Package flair

Last updated on 2020-07-02 02:09:49 CEST.

Flavor Version Tinstall Tcheck Ttotal Status Flags
r-devel-linux-x86_64-debian-clang 0.0.2 3.28 33.56 36.84 OK
r-devel-linux-x86_64-debian-gcc 0.0.2 2.78 26.67 29.45 OK
r-devel-linux-x86_64-fedora-clang 0.0.2 52.95 NOTE
r-devel-linux-x86_64-fedora-gcc 0.0.2 43.49 NOTE
r-patched-linux-x86_64 0.0.2 3.36 33.67 37.03 OK
r-patched-solaris-x86 0.0.2 69.50 NOTE
r-release-linux-x86_64 0.0.2 3.35 33.12 36.47 OK
r-release-osx-x86_64 0.0.2 NOTE
r-release-windows-ix86+x86_64 0.0.2 10.00 64.00 74.00 OK
r-oldrel-osx-x86_64 0.0.2 NOTE
r-oldrel-windows-ix86+x86_64 0.0.2 19.00 62.00 81.00 OK

Check Details

Version: 0.0.2
Check: dependencies in R code
Result: NOTE
    Namespaces in Imports field not imported from:
     ‘dplyr’ ‘evaluate’ ‘ggplot2’
     All declared Imports should be used.
Flavors: r-devel-linux-x86_64-fedora-clang, r-devel-linux-x86_64-fedora-gcc, r-patched-solaris-x86, r-release-osx-x86_64, r-oldrel-osx-x86_64