Last updated on 2020-07-02 02:09:49 CEST.
Flavor | Version | Tinstall | Tcheck | Ttotal | Status | Flags |
---|---|---|---|---|---|---|
r-devel-linux-x86_64-debian-clang | 0.8 | 89.60 | 65.84 | 155.44 | OK | |
r-devel-linux-x86_64-debian-gcc | 0.8 | 75.97 | 49.48 | 125.45 | OK | |
r-devel-linux-x86_64-fedora-clang | 0.8 | 218.75 | NOTE | |||
r-devel-linux-x86_64-fedora-gcc | 0.8 | 207.51 | OK | |||
r-devel-windows-ix86+x86_64 | 0.8 | 246.00 | 115.00 | 361.00 | OK | |
r-patched-linux-x86_64 | 0.8 | 82.45 | 64.57 | 147.02 | OK | |
r-patched-solaris-x86 | 0.8 | 202.50 | OK | |||
r-release-linux-x86_64 | 0.8 | 81.80 | 64.82 | 146.62 | OK | |
r-release-osx-x86_64 | 0.8 | NOTE | ||||
r-release-windows-ix86+x86_64 | 0.8 | 173.00 | 122.00 | 295.00 | OK | |
r-oldrel-osx-x86_64 | 0.8 | NOTE | ||||
r-oldrel-windows-ix86+x86_64 | 0.8 | 191.00 | 132.00 | 323.00 | OK |
Version: 0.8
Check: installed package size
Result: NOTE
installed size is 7.6Mb
sub-directories of 1Mb or more:
libs 7.3Mb
Flavors: r-devel-linux-x86_64-fedora-clang, r-release-osx-x86_64, r-oldrel-osx-x86_64