CRAN Package Check Results for Package flars

Last updated on 2020-07-02 02:09:49 CEST.

Flavor Version Tinstall Tcheck Ttotal Status Flags
r-devel-linux-x86_64-debian-clang 1.0 48.54 81.02 129.56 OK
r-devel-linux-x86_64-debian-gcc 1.0 37.18 63.43 100.61 OK
r-devel-linux-x86_64-fedora-clang 1.0 174.31 NOTE
r-devel-linux-x86_64-fedora-gcc 1.0 153.93 NOTE
r-devel-windows-ix86+x86_64 1.0 127.00 174.00 301.00 OK
r-patched-linux-x86_64 1.0 41.01 81.12 122.13 OK
r-patched-solaris-x86 1.0 201.70 OK
r-release-linux-x86_64 1.0 38.90 81.72 120.62 OK
r-release-osx-x86_64 1.0 OK
r-release-windows-ix86+x86_64 1.0 99.00 137.00 236.00 OK
r-oldrel-osx-x86_64 1.0 OK
r-oldrel-windows-ix86+x86_64 1.0 88.00 162.00 250.00 OK

Check Details

Version: 1.0
Check: compiled code
Result: NOTE
    File ‘flars/libs/flars.so’:
     Found no calls to: ‘R_registerRoutines’, ‘R_useDynamicSymbols’
    
    It is good practice to register native routines and to disable symbol
    search.
    
    See ‘Writing portable packages’ in the ‘Writing R Extensions’ manual.
Flavors: r-devel-linux-x86_64-fedora-clang, r-devel-linux-x86_64-fedora-gcc