Last updated on 2020-07-02 02:09:49 CEST.
Flavor | Version | Tinstall | Tcheck | Ttotal | Status | Flags |
---|---|---|---|---|---|---|
r-devel-linux-x86_64-debian-clang | 1.0.0 | 2.78 | 35.38 | 38.16 | OK | |
r-devel-linux-x86_64-debian-gcc | 1.0.0 | 2.50 | 27.24 | 29.74 | OK | |
r-devel-linux-x86_64-fedora-clang | 1.0.0 | 55.87 | NOTE | |||
r-devel-linux-x86_64-fedora-gcc | 1.0.0 | 46.40 | NOTE | |||
r-devel-windows-ix86+x86_64 | 1.0.0 | 13.00 | 81.00 | 94.00 | OK | |
r-patched-linux-x86_64 | 1.0.0 | 2.48 | 34.78 | 37.26 | OK | |
r-patched-solaris-x86 | 1.0.0 | 68.50 | NOTE | |||
r-release-linux-x86_64 | 1.0.0 | 2.91 | 34.34 | 37.25 | OK | |
r-oldrel-osx-x86_64 | 1.0.0 | NOTE | ||||
r-oldrel-windows-ix86+x86_64 | 1.0.0 | 6.00 | 52.00 | 58.00 | OK |
Version: 1.0.0
Check: dependencies in R code
Result: NOTE
Namespace in Imports field not imported from: ‘tidyr’
All declared Imports should be used.
Flavors: r-devel-linux-x86_64-fedora-clang, r-devel-linux-x86_64-fedora-gcc, r-patched-solaris-x86, r-oldrel-osx-x86_64
Version: 1.0.0
Check: data for non-ASCII characters
Result: NOTE
Note: found 82 marked UTF-8 strings
Flavors: r-devel-linux-x86_64-fedora-clang, r-devel-linux-x86_64-fedora-gcc, r-patched-solaris-x86, r-oldrel-osx-x86_64