Last updated on 2020-07-02 02:09:49 CEST.
Flavor | Version | Tinstall | Tcheck | Ttotal | Status | Flags |
---|---|---|---|---|---|---|
r-devel-linux-x86_64-debian-clang | 3.3.0 | 192.31 | 232.25 | 424.56 | OK | |
r-devel-linux-x86_64-debian-gcc | 3.3.0 | 188.11 | 172.34 | 360.45 | OK | |
r-devel-linux-x86_64-fedora-clang | 3.3.0 | 585.48 | NOTE | |||
r-devel-linux-x86_64-fedora-gcc | 3.3.0 | 578.75 | NOTE | |||
r-devel-windows-ix86+x86_64 | 3.3.0 | 545.00 | 379.00 | 924.00 | NOTE | |
r-patched-linux-x86_64 | 3.3.0 | 191.70 | 225.82 | 417.52 | OK | |
r-patched-solaris-x86 | 3.3.0 | 1003.10 | NOTE | |||
r-release-linux-x86_64 | 3.3.0 | 192.67 | 227.06 | 419.73 | OK | |
r-release-osx-x86_64 | 3.3.0 | NOTE | ||||
r-release-windows-ix86+x86_64 | 3.3.0 | 437.00 | 285.00 | 722.00 | NOTE | |
r-oldrel-osx-x86_64 | 3.3.0 | NOTE | ||||
r-oldrel-windows-ix86+x86_64 | 3.3.0 | 467.00 | 344.00 | 811.00 | NOTE |
Version: 3.3.0
Check: installed package size
Result: NOTE
installed size is 10.5Mb
sub-directories of 1Mb or more:
R 1.1Mb
help 1.8Mb
libs 6.7Mb
Flavors: r-devel-linux-x86_64-fedora-clang, r-devel-windows-ix86+x86_64, r-patched-solaris-x86, r-release-osx-x86_64, r-release-windows-ix86+x86_64, r-oldrel-osx-x86_64, r-oldrel-windows-ix86+x86_64
Version: 3.3.0
Check: dependencies in R code
Result: NOTE
Namespaces in Imports field not imported from:
‘jsonlite’ ‘rhandsontable’ ‘shinyBS’ ‘shinydashboard’ ‘shinyjs’
‘shinythemes’
All declared Imports should be used.
Flavors: r-devel-linux-x86_64-fedora-clang, r-devel-linux-x86_64-fedora-gcc, r-patched-solaris-x86, r-release-osx-x86_64, r-oldrel-osx-x86_64