Last updated on 2020-07-02 02:09:49 CEST.
Flavor | Version | Tinstall | Tcheck | Ttotal | Status | Flags |
---|---|---|---|---|---|---|
r-devel-linux-x86_64-debian-clang | 0.1.6 | 46.80 | 149.59 | 196.39 | OK | |
r-devel-linux-x86_64-debian-gcc | 0.1.6 | 40.19 | 110.08 | 150.27 | OK | |
r-devel-linux-x86_64-fedora-clang | 0.1.6 | 250.95 | NOTE | |||
r-devel-linux-x86_64-fedora-gcc | 0.1.6 | 238.63 | OK | |||
r-devel-windows-ix86+x86_64 | 0.1.6 | 101.00 | 218.00 | 319.00 | OK | |
r-patched-linux-x86_64 | 0.1.6 | 43.89 | 146.86 | 190.75 | OK | |
r-patched-solaris-x86 | 0.1.6 | 272.50 | OK | |||
r-release-linux-x86_64 | 0.1.6 | 43.92 | 145.67 | 189.59 | OK | |
r-release-osx-x86_64 | 0.1.6 | NOTE | ||||
r-release-windows-ix86+x86_64 | 0.1.6 | 70.00 | 212.00 | 282.00 | OK | |
r-oldrel-osx-x86_64 | 0.1.6 | NOTE | ||||
r-oldrel-windows-ix86+x86_64 | 0.1.6 | 75.00 | 257.00 | 332.00 | OK |
Version: 0.1.6
Check: installed package size
Result: NOTE
installed size is 14.1Mb
sub-directories of 1Mb or more:
libs 13.3Mb
Flavors: r-devel-linux-x86_64-fedora-clang, r-release-osx-x86_64, r-oldrel-osx-x86_64