CRAN Package Check Results for Package gen5helper

Last updated on 2020-07-02 02:09:49 CEST.

Flavor Version Tinstall Tcheck Ttotal Status Flags
r-devel-linux-x86_64-debian-clang 1.0.1 4.47 38.08 42.55 OK
r-devel-linux-x86_64-debian-gcc 1.0.1 3.86 29.40 33.26 OK
r-devel-linux-x86_64-fedora-clang 1.0.1 58.72 NOTE
r-devel-linux-x86_64-fedora-gcc 1.0.1 48.21 NOTE
r-devel-windows-ix86+x86_64 1.0.1 23.00 53.00 76.00 OK
r-patched-linux-x86_64 1.0.1 4.14 36.49 40.63 OK
r-patched-solaris-x86 1.0.1 71.80 NOTE
r-release-linux-x86_64 1.0.1 4.98 36.41 41.39 OK
r-release-osx-x86_64 1.0.1 NOTE
r-release-windows-ix86+x86_64 1.0.1 14.00 54.00 68.00 OK
r-oldrel-osx-x86_64 1.0.1 NOTE
r-oldrel-windows-ix86+x86_64 1.0.1 22.00 72.00 94.00 OK

Check Details

Version: 1.0.1
Check: dependencies in R code
Result: NOTE
    Namespaces in Imports field not imported from:
     ‘ggplot2’ ‘pracma’ ‘rlang’
     All declared Imports should be used.
Flavors: r-devel-linux-x86_64-fedora-clang, r-devel-linux-x86_64-fedora-gcc, r-patched-solaris-x86, r-release-osx-x86_64, r-oldrel-osx-x86_64