CRAN Package Check Results for Package geotoolsR

Last updated on 2020-07-02 02:09:49 CEST.

Flavor Version Tinstall Tcheck Ttotal Status Flags
r-devel-linux-x86_64-debian-clang 1.1 8.42 71.64 80.06 OK
r-devel-linux-x86_64-debian-gcc 1.1 6.74 53.86 60.60 OK
r-devel-linux-x86_64-fedora-clang 1.1 104.23 OK
r-devel-linux-x86_64-fedora-gcc 1.1 94.37 OK
r-devel-windows-ix86+x86_64 1.1 34.00 78.00 112.00 OK
r-patched-linux-x86_64 1.1 9.18 70.62 79.80 OK
r-patched-solaris-x86 1.1 143.20 OK
r-release-linux-x86_64 1.1 8.31 71.43 79.74 OK
r-release-osx-x86_64 1.1 OK
r-release-windows-ix86+x86_64 1.1 20.00 83.00 103.00 OK
r-oldrel-osx-x86_64 1.1 WARN
r-oldrel-windows-ix86+x86_64 1.1 20.00 110.00 130.00 OK

Check Details

Version: 1.1
Check: dependencies in R code
Result: NOTE
    No protocol specified
    No protocol specified
Flavor: r-oldrel-osx-x86_64

Version: 1.1
Check: S3 generic/method consistency
Result: WARN
    No protocol specified
    No protocol specified
    See section ‘Generic functions and methods’ in the ‘Writing R
    Extensions’ manual.
Flavor: r-oldrel-osx-x86_64

Version: 1.1
Check: replacement functions
Result: WARN
    No protocol specified
    No protocol specified
    The argument of a replacement function which corresponds to the right
    hand side must be named ‘value’.
Flavor: r-oldrel-osx-x86_64

Version: 1.1
Check: foreign function calls
Result: NOTE
    No protocol specified
    No protocol specified
    See chapter ‘System and foreign language interfaces’ in the ‘Writing R
    Extensions’ manual.
Flavor: r-oldrel-osx-x86_64

Version: 1.1
Check: R code for possible problems
Result: NOTE
    No protocol specified
    No protocol specified
Flavor: r-oldrel-osx-x86_64

Version: 1.1
Check: for missing documentation entries
Result: WARN
    No protocol specified
    No protocol specified
    All user-level objects in a package should have documentation entries.
    See chapter ‘Writing R documentation files’ in the ‘Writing R
    Extensions’ manual.
Flavor: r-oldrel-osx-x86_64

Version: 1.1
Check: for code/documentation mismatches
Result: WARN
    No protocol specified
    No protocol specified
    No protocol specified
    No protocol specified
    No protocol specified
    No protocol specified
Flavor: r-oldrel-osx-x86_64

Version: 1.1
Check: Rd \usage sections
Result: NOTE
    No protocol specified
    No protocol specified
    The \usage entries for S3 methods should use the \method markup and not
    their full name.
    See chapter ‘Writing R documentation files’ in the ‘Writing R
    Extensions’ manual.
Flavor: r-oldrel-osx-x86_64