Last updated on 2020-07-02 02:09:50 CEST.
Flavor | Version | Tinstall | Tcheck | Ttotal | Status | Flags |
---|---|---|---|---|---|---|
r-devel-linux-x86_64-debian-clang | 0.2.0 | 7.21 | 59.92 | 67.13 | OK | |
r-devel-linux-x86_64-debian-gcc | 0.2.0 | 6.61 | 44.47 | 51.08 | OK | |
r-devel-linux-x86_64-fedora-clang | 0.2.0 | 89.63 | NOTE | |||
r-devel-linux-x86_64-fedora-gcc | 0.2.0 | 76.76 | OK | |||
r-devel-windows-ix86+x86_64 | 0.2.0 | 34.00 | 74.00 | 108.00 | OK | |
r-patched-linux-x86_64 | 0.2.0 | 6.18 | 57.12 | 63.30 | OK | |
r-patched-solaris-x86 | 0.2.0 | 110.30 | OK | |||
r-release-linux-x86_64 | 0.2.0 | 7.86 | 58.59 | 66.45 | OK | |
r-release-osx-x86_64 | 0.2.0 | OK | ||||
r-release-windows-ix86+x86_64 | 0.2.0 | 17.00 | 91.00 | 108.00 | OK | |
r-oldrel-osx-x86_64 | 0.2.0 | OK | ||||
r-oldrel-windows-ix86+x86_64 | 0.2.0 | 21.00 | 98.00 | 119.00 | OK |
Version: 0.2.0
Check: Rd cross-references
Result: NOTE
Undeclared package ‘scales’ in Rd xrefs
Flavor: r-devel-linux-x86_64-fedora-clang