CRAN Package Check Results for Package ggquickeda

Last updated on 2020-07-02 02:09:50 CEST.

Flavor Version Tinstall Tcheck Ttotal Status Flags
r-devel-linux-x86_64-debian-clang 0.1.6 5.48 43.70 49.18 OK
r-devel-linux-x86_64-debian-gcc 0.1.6 3.92 33.04 36.96 OK
r-devel-linux-x86_64-fedora-clang 0.1.6 66.23 NOTE
r-devel-linux-x86_64-fedora-gcc 0.1.6 56.86 NOTE
r-devel-windows-ix86+x86_64 0.1.6 29.00 81.00 110.00 OK
r-patched-linux-x86_64 0.1.6 3.68 42.01 45.69 OK
r-patched-solaris-x86 0.1.6 83.50 NOTE
r-release-linux-x86_64 0.1.6 3.54 41.82 45.36 OK
r-release-osx-x86_64 0.1.6 NOTE
r-release-windows-ix86+x86_64 0.1.6 14.00 79.00 93.00 OK
r-oldrel-osx-x86_64 0.1.6 NOTE
r-oldrel-windows-ix86+x86_64 0.1.6 15.00 98.00 113.00 OK

Check Details

Version: 0.1.6
Check: package dependencies
Result: NOTE
    Imports includes 26 non-default packages.
    Importing from so many packages makes the package vulnerable to any of
    them becoming unavailable. Move as many as possible to Suggests and
    use conditionally.
Flavor: r-devel-linux-x86_64-fedora-clang

Version: 0.1.6
Check: dependencies in R code
Result: NOTE
    Namespaces in Imports field not imported from:
     ‘DT’ ‘Formula’ ‘GGally’ ‘Hmisc’ ‘colourpicker’ ‘dplyr’ ‘ggpmisc’
     ‘ggpubr’ ‘ggrepel’ ‘ggstance’ ‘grDevices’ ‘grid’ ‘gridExtra’
     ‘lazyeval’ ‘markdown’ ‘plotly’ ‘quantreg’ ‘rlang’ ‘shinyjqui’
     ‘shinyjs’ ‘survival’ ‘survminer’ ‘table1’ ‘tidyr’
     All declared Imports should be used.
Flavors: r-devel-linux-x86_64-fedora-clang, r-devel-linux-x86_64-fedora-gcc, r-patched-solaris-x86, r-release-osx-x86_64, r-oldrel-osx-x86_64