CRAN Package Check Results for Package ggridges

Last updated on 2020-07-02 02:09:50 CEST.

Flavor Version Tinstall Tcheck Ttotal Status Flags
r-devel-linux-x86_64-debian-clang 0.5.2 9.15 106.51 115.66 OK
r-devel-linux-x86_64-debian-gcc 0.5.2 6.97 77.30 84.27 OK
r-devel-linux-x86_64-fedora-clang 0.5.2 140.98 NOTE
r-devel-linux-x86_64-fedora-gcc 0.5.2 129.48 NOTE
r-devel-windows-ix86+x86_64 0.5.2 26.00 108.00 134.00 OK
r-patched-linux-x86_64 0.5.2 8.59 100.69 109.28 OK
r-patched-solaris-x86 0.5.2 178.40 NOTE
r-release-linux-x86_64 0.5.2 9.36 100.39 109.75 OK
r-release-osx-x86_64 0.5.2 NOTE
r-release-windows-ix86+x86_64 0.5.2 19.00 139.00 158.00 OK
r-oldrel-osx-x86_64 0.5.2 NOTE
r-oldrel-windows-ix86+x86_64 0.5.2 37.00 171.00 208.00 OK

Check Details

Version: 0.5.2
Check: data for non-ASCII characters
Result: NOTE
     Note: found 6242 marked UTF-8 strings
Flavors: r-devel-linux-x86_64-fedora-clang, r-devel-linux-x86_64-fedora-gcc, r-patched-solaris-x86, r-release-osx-x86_64, r-oldrel-osx-x86_64