CRAN Package Check Results for Package git2r

Last updated on 2020-07-02 02:09:50 CEST.

Flavor Version Tinstall Tcheck Ttotal Status Flags
r-devel-linux-x86_64-debian-clang 0.27.1 16.77 60.61 77.38 OK
r-devel-linux-x86_64-debian-gcc 0.27.1 11.91 46.37 58.28 OK
r-devel-linux-x86_64-fedora-clang 0.27.1 101.77 OK
r-devel-linux-x86_64-fedora-gcc 0.27.1 90.01 OK
r-devel-windows-ix86+x86_64 0.27.1 89.00 264.00 353.00 NOTE
r-patched-linux-x86_64 0.27.1 13.79 59.07 72.86 OK
r-patched-solaris-x86 0.27.1 290.90 OK
r-release-linux-x86_64 0.27.1 13.47 59.44 72.91 OK
r-release-osx-x86_64 0.27.1 OK
r-release-windows-ix86+x86_64 0.27.1 72.00 187.00 259.00 NOTE
r-oldrel-osx-x86_64 0.27.1 OK
r-oldrel-windows-ix86+x86_64 0.27.1 77.00 286.00 363.00 NOTE

Check Details

Version: 0.27.1
Check: installed package size
Result: NOTE
     installed size is 7.9Mb
     sub-directories of 1Mb or more:
     libs 7.4Mb
Flavors: r-devel-windows-ix86+x86_64, r-release-windows-ix86+x86_64, r-oldrel-windows-ix86+x86_64