CRAN Package Check Results for Package gitlabr

Last updated on 2020-07-02 02:09:50 CEST.

Flavor Version Tinstall Tcheck Ttotal Status Flags
r-devel-linux-x86_64-debian-clang 1.1.6 5.35 41.51 46.86 NOTE
r-devel-linux-x86_64-debian-gcc 1.1.6 3.73 31.07 34.80 NOTE
r-devel-linux-x86_64-fedora-clang 1.1.6 66.37 NOTE
r-devel-linux-x86_64-fedora-gcc 1.1.6 54.28 NOTE
r-devel-windows-ix86+x86_64 1.1.6 21.00 59.00 80.00 OK
r-patched-linux-x86_64 1.1.6 4.90 39.80 44.70 NOTE
r-patched-solaris-x86 1.1.6 79.40 NOTE
r-release-linux-x86_64 1.1.6 4.98 40.00 44.98 NOTE
r-release-osx-x86_64 1.1.6 OK
r-release-windows-ix86+x86_64 1.1.6 13.00 73.00 86.00 OK
r-oldrel-osx-x86_64 1.1.6 OK
r-oldrel-windows-ix86+x86_64 1.1.6 37.00 90.00 127.00 OK

Check Details

Version: 1.1.6
Check: for non-standard things in the check directory
Result: NOTE
    Found the following files/directories:
     '.gitlab-ci.yml'
Flavors: r-devel-linux-x86_64-debian-clang, r-devel-linux-x86_64-debian-gcc, r-devel-linux-x86_64-fedora-clang, r-devel-linux-x86_64-fedora-gcc, r-patched-linux-x86_64, r-patched-solaris-x86, r-release-linux-x86_64