CRAN Package Check Results for Package glmaag

Last updated on 2020-07-02 02:09:50 CEST.

Flavor Version Tinstall Tcheck Ttotal Status Flags
r-devel-linux-x86_64-debian-clang 0.0.6 206.33 132.79 339.12 NOTE
r-devel-linux-x86_64-debian-gcc 0.0.6 160.64 100.08 260.72 NOTE
r-devel-linux-x86_64-fedora-clang 0.0.6 474.72 NOTE
r-devel-linux-x86_64-fedora-gcc 0.0.6 412.15 OK
r-devel-windows-ix86+x86_64 0.0.6 495.00 211.00 706.00 NOTE
r-patched-linux-x86_64 0.0.6 123.92 128.69 252.61 NOTE
r-patched-solaris-x86 0.0.6 422.60 OK
r-release-linux-x86_64 0.0.6 118.13 129.13 247.26 NOTE
r-release-osx-x86_64 0.0.6 NOTE
r-release-windows-ix86+x86_64 0.0.6 13.00 27.00 40.00 ERROR
r-oldrel-osx-x86_64 0.0.6 NOTE
r-oldrel-windows-ix86+x86_64 0.0.6 408.00 265.00 673.00 OK

Check Details

Version: 0.0.6
Check: package vignettes
Result: NOTE
    Package vignette with placeholder title 'Vignette Title':
     'glmaag.Rmd'
Flavors: r-devel-linux-x86_64-debian-clang, r-devel-linux-x86_64-debian-gcc, r-devel-windows-ix86+x86_64, r-patched-linux-x86_64, r-release-linux-x86_64

Version: 0.0.6
Check: installed package size
Result: NOTE
     installed size is 16.7Mb
     sub-directories of 1Mb or more:
     libs 16.4Mb
Flavors: r-devel-linux-x86_64-fedora-clang, r-release-osx-x86_64, r-oldrel-osx-x86_64

Version: 0.0.6
Check: whether package can be installed
Result: ERROR
    Installation failed.
Flavor: r-release-windows-ix86+x86_64