CRAN Package Check Results for Package gprofiler2

Last updated on 2020-07-02 02:09:50 CEST.

Flavor Version Tinstall Tcheck Ttotal Status Flags
r-devel-linux-x86_64-debian-clang 0.1.9 7.24 70.91 78.15 OK
r-devel-linux-x86_64-debian-gcc 0.1.9 5.77 53.06 58.83 OK
r-devel-linux-x86_64-fedora-clang 0.1.9 99.98 OK
r-devel-linux-x86_64-fedora-gcc 0.1.9 89.51 OK
r-devel-windows-ix86+x86_64 0.1.9 36.00 144.00 180.00 OK
r-patched-linux-x86_64 0.1.9 6.65 67.84 74.49 OK
r-patched-solaris-x86 0.1.9 110.50 WARN
r-release-linux-x86_64 0.1.9 6.56 70.31 76.87 OK
r-release-osx-x86_64 0.1.9 OK
r-release-windows-ix86+x86_64 0.1.9 21.00 146.00 167.00 OK
r-oldrel-osx-x86_64 0.1.9 WARN
r-oldrel-windows-ix86+x86_64 0.1.9 21.00 155.00 176.00 OK

Check Details

Version: 0.1.9
Check: re-building of vignette outputs
Result: WARN
    Error(s) in re-building vignettes:
     ...
    --- re-building ‘gprofiler2.Rmd’ using rmarkdown
    Warning in engine$weave(file, quiet = quiet, encoding = enc) :
     Pandoc (>= 1.12.3) and/or pandoc-citeproc not available. Falling back to R Markdown v1.
    Quitting from lines 243-244 (gprofiler2.Rmd)
    Error: processing vignette 'gprofiler2.Rmd' failed with diagnostics:
    there is no package called 'webshot'
    --- failed re-building ‘gprofiler2.Rmd’
    
    SUMMARY: processing the following file failed:
     ‘gprofiler2.Rmd’
    
    Error: Vignette re-building failed.
    Execution halted
Flavor: r-patched-solaris-x86

Version: 0.1.9
Check: re-building of vignette outputs
Result: WARN
    Error(s) in re-building vignettes:
     ...
    --- re-building ‘gprofiler2.Rmd’ using rmarkdown
    Warning in engine$weave(file, quiet = quiet, encoding = enc) :
     Pandoc (>= 1.12.3) and/or pandoc-citeproc not available. Falling back to R Markdown v1.
    Quitting from lines 243-244 (gprofiler2.Rmd)
    Error: processing vignette 'gprofiler2.Rmd' failed with diagnostics:
    cannot open the connection
    --- failed re-building ‘gprofiler2.Rmd’
    
    SUMMARY: processing the following file failed:
     ‘gprofiler2.Rmd’
    
    Error: Vignette re-building failed.
    Execution halted
Flavor: r-oldrel-osx-x86_64