Last updated on 2020-07-02 02:09:50 CEST.
Flavor | Version | Tinstall | Tcheck | Ttotal | Status | Flags |
---|---|---|---|---|---|---|
r-devel-linux-x86_64-debian-clang | 1.1.1 | 11.76 | 57.23 | 68.99 | OK | |
r-devel-linux-x86_64-debian-gcc | 1.1.1 | 9.42 | 44.55 | 53.97 | OK | |
r-devel-linux-x86_64-fedora-clang | 1.1.1 | 90.98 | NOTE | |||
r-devel-linux-x86_64-fedora-gcc | 1.1.1 | 80.37 | NOTE | |||
r-devel-windows-ix86+x86_64 | 1.1.1 | 43.00 | 87.00 | 130.00 | OK | |
r-patched-linux-x86_64 | 1.1.1 | 9.62 | 56.32 | 65.94 | OK | |
r-patched-solaris-x86 | 1.1.1 | 112.80 | OK | |||
r-release-linux-x86_64 | 1.1.1 | 10.71 | 56.81 | 67.52 | OK | |
r-release-osx-x86_64 | 1.1.1 | OK | ||||
r-release-windows-ix86+x86_64 | 1.1.1 | 29.00 | 88.00 | 117.00 | OK | |
r-oldrel-osx-x86_64 | 1.1.1 | WARN | ||||
r-oldrel-windows-ix86+x86_64 | 1.1.1 | 42.00 | 112.00 | 154.00 | OK |
Version: 1.1.1
Check: compiled code
Result: NOTE
File ‘graphscan/libs/graphscan.so’:
Found no calls to: ‘R_registerRoutines’, ‘R_useDynamicSymbols’
It is good practice to register native routines and to disable symbol
search.
See ‘Writing portable packages’ in the ‘Writing R Extensions’ manual.
Flavors: r-devel-linux-x86_64-fedora-clang, r-devel-linux-x86_64-fedora-gcc
Version: 1.1.1
Check: whether package can be installed
Result: WARN
Found the following significant warnings:
Warning: 'rgl_init' failed, running with rgl.useNULL = TRUE
Flavor: r-oldrel-osx-x86_64