Last updated on 2020-07-02 02:09:50 CEST.
Flavor | Version | Tinstall | Tcheck | Ttotal | Status | Flags |
---|---|---|---|---|---|---|
r-devel-linux-x86_64-debian-clang | 1.0.7 | 13.57 | 83.01 | 96.58 | NOTE | |
r-devel-linux-x86_64-debian-gcc | 1.0.7 | 9.54 | 62.11 | 71.65 | NOTE | |
r-devel-linux-x86_64-fedora-clang | 1.0.7 | 122.56 | NOTE | |||
r-devel-linux-x86_64-fedora-gcc | 1.0.7 | 109.62 | NOTE | |||
r-devel-windows-ix86+x86_64 | 1.0.7 | 38.00 | 179.00 | 217.00 | OK | |
r-patched-linux-x86_64 | 1.0.7 | 11.05 | 81.14 | 92.19 | NOTE | |
r-patched-solaris-x86 | 1.0.7 | 163.80 | NOTE | |||
r-release-linux-x86_64 | 1.0.7 | 10.06 | 81.66 | 91.72 | NOTE | |
r-release-osx-x86_64 | 1.0.7 | OK | ||||
r-release-windows-ix86+x86_64 | 1.0.7 | 25.00 | 129.00 | 154.00 | OK | |
r-oldrel-osx-x86_64 | 1.0.7 | OK | ||||
r-oldrel-windows-ix86+x86_64 | 1.0.7 | 32.00 | 177.00 | 209.00 | OK |
Version: 1.0.7
Check: package dependencies
Result: NOTE
Package suggested but not available for checking: 'ppls'
Flavors: r-devel-linux-x86_64-debian-clang, r-devel-linux-x86_64-debian-gcc, r-devel-linux-x86_64-fedora-clang, r-devel-linux-x86_64-fedora-gcc, r-patched-linux-x86_64, r-patched-solaris-x86, r-release-linux-x86_64