Last updated on 2020-07-02 02:09:50 CEST.
Flavor | Version | Tinstall | Tcheck | Ttotal | Status | Flags |
---|---|---|---|---|---|---|
r-devel-linux-x86_64-debian-clang | 1.0 | 35.43 | 64.61 | 100.04 | OK | |
r-devel-linux-x86_64-debian-gcc | 1.0 | 33.50 | 50.10 | 83.60 | OK | |
r-devel-linux-x86_64-fedora-clang | 1.0 | 144.29 | OK | |||
r-devel-linux-x86_64-fedora-gcc | 1.0 | 127.55 | OK | |||
r-devel-windows-ix86+x86_64 | 1.0 | 97.00 | 102.00 | 199.00 | OK | |
r-patched-linux-x86_64 | 1.0 | 36.24 | 64.33 | 100.57 | OK | |
r-patched-solaris-x86 | 1.0 | 24.40 | ERROR | |||
r-release-linux-x86_64 | 1.0 | 34.09 | 64.10 | 98.19 | OK | |
r-release-osx-x86_64 | 1.0 | OK | ||||
r-release-windows-ix86+x86_64 | 1.0 | 70.00 | 108.00 | 178.00 | OK | |
r-oldrel-osx-x86_64 | 1.0 | OK | ||||
r-oldrel-windows-ix86+x86_64 | 1.0 | 77.00 | 134.00 | 211.00 | OK |
Version: 1.0
Check: whether package can be installed
Result: ERROR
Installation failed.
Flavor: r-patched-solaris-x86