Last updated on 2020-07-02 02:09:51 CEST.
Flavor | Version | Tinstall | Tcheck | Ttotal | Status | Flags |
---|---|---|---|---|---|---|
r-devel-linux-x86_64-debian-clang | 1.0.7 | 2.83 | 35.67 | 38.50 | OK | |
r-devel-linux-x86_64-debian-gcc | 1.0.7 | 2.37 | 28.03 | 30.40 | OK | |
r-devel-linux-x86_64-fedora-clang | 1.0.7 | 57.26 | NOTE | |||
r-devel-linux-x86_64-fedora-gcc | 1.0.7 | 46.56 | NOTE | |||
r-devel-windows-ix86+x86_64 | 1.0.7 | 12.00 | 52.00 | 64.00 | OK | |
r-patched-linux-x86_64 | 1.0.7 | 2.65 | 35.76 | 38.41 | OK | |
r-patched-solaris-x86 | 1.0.7 | 71.40 | NOTE | |||
r-release-linux-x86_64 | 1.0.7 | 3.18 | 32.37 | 35.55 | WARN | |
r-release-osx-x86_64 | 1.0.7 | NOTE | ||||
r-release-windows-ix86+x86_64 | 1.0.7 | 8.00 | 54.00 | 62.00 | OK | |
r-oldrel-osx-x86_64 | 1.0.7 | NOTE | ||||
r-oldrel-windows-ix86+x86_64 | 1.0.7 | 6.00 | 75.00 | 81.00 | OK |
Version: 1.0.7
Check: dependencies in R code
Result: NOTE
Namespaces in Imports field not imported from:
‘knitr’ ‘rmarkdown’
All declared Imports should be used.
Flavors: r-devel-linux-x86_64-fedora-clang, r-devel-linux-x86_64-fedora-gcc, r-patched-solaris-x86, r-release-osx-x86_64, r-oldrel-osx-x86_64
Version: 1.0.7
Check: re-building of vignette outputs
Result: WARN
Error(s) in re-building vignettes:
...
--- re-building ‘helminthR_vignette.Rmd’ using rmarkdown
Quitting from lines 106-114 (helminthR_vignette.Rmd)
Error: processing vignette 'helminthR_vignette.Rmd' failed with diagnostics:
Internal Server Error (HTTP 500).
--- failed re-building ‘helminthR_vignette.Rmd’
SUMMARY: processing the following file failed:
‘helminthR_vignette.Rmd’
Error: Vignette re-building failed.
Execution halted
Flavor: r-release-linux-x86_64