CRAN Package Check Results for Package hesim

Last updated on 2020-07-02 02:09:51 CEST.

Flavor Version Tinstall Tcheck Ttotal Status Flags
r-devel-linux-x86_64-debian-clang 0.3.1 325.60 363.66 689.26 OK
r-devel-linux-x86_64-debian-gcc 0.3.1 264.72 286.29 551.01 OK
r-devel-linux-x86_64-fedora-clang 0.3.1 861.75 NOTE
r-devel-linux-x86_64-fedora-gcc 0.3.1 820.87 NOTE
r-devel-windows-ix86+x86_64 0.3.1 828.00 409.00 1237.00 NOTE
r-patched-linux-x86_64 0.3.1 280.67 328.39 609.06 OK
r-patched-solaris-x86 0.3.1 869.00 NOTE
r-release-linux-x86_64 0.3.1 283.85 326.32 610.17 OK
r-release-osx-x86_64 0.3.1 NOTE
r-release-windows-ix86+x86_64 0.3.1 588.00 396.00 984.00 NOTE
r-oldrel-osx-x86_64 0.3.1 NOTE
r-oldrel-windows-ix86+x86_64 0.3.1 591.00 519.00 1110.00 NOTE

Check Details

Version: 0.3.1
Check: installed package size
Result: NOTE
     installed size is 26.6Mb
     sub-directories of 1Mb or more:
     doc 1.8Mb
     libs 23.4Mb
Flavors: r-devel-linux-x86_64-fedora-clang, r-devel-windows-ix86+x86_64, r-patched-solaris-x86, r-release-osx-x86_64, r-release-windows-ix86+x86_64, r-oldrel-osx-x86_64, r-oldrel-windows-ix86+x86_64

Version: 0.3.1
Check: dependencies in R code
Result: NOTE
    Namespace in Imports field not imported from: ‘R6’
     All declared Imports should be used.
Flavors: r-devel-linux-x86_64-fedora-clang, r-devel-linux-x86_64-fedora-gcc, r-patched-solaris-x86, r-release-osx-x86_64, r-oldrel-osx-x86_64