Last updated on 2020-07-02 02:09:51 CEST.
Flavor | Version | Tinstall | Tcheck | Ttotal | Status | Flags |
---|---|---|---|---|---|---|
r-devel-linux-x86_64-debian-clang | 0.5.0 | 67.98 | 25.68 | 93.66 | OK | |
r-devel-linux-x86_64-debian-gcc | 0.5.0 | 56.03 | 20.52 | 76.55 | OK | |
r-devel-linux-x86_64-fedora-clang | 0.5.0 | 175.01 | NOTE | |||
r-devel-linux-x86_64-fedora-gcc | 0.5.0 | 122.32 | OK | |||
r-devel-windows-ix86+x86_64 | 0.5.0 | 180.00 | 60.00 | 240.00 | OK | |
r-patched-linux-x86_64 | 0.5.0 | 56.64 | 25.27 | 81.91 | OK | |
r-patched-solaris-x86 | 0.5.0 | 176.10 | OK | |||
r-release-linux-x86_64 | 0.5.0 | 56.53 | 25.36 | 81.89 | OK | |
r-release-osx-x86_64 | 0.5.0 | NOTE | ||||
r-release-windows-ix86+x86_64 | 0.5.0 | 147.00 | 60.00 | 207.00 | OK | |
r-oldrel-osx-x86_64 | 0.5.0 | NOTE | ||||
r-oldrel-windows-ix86+x86_64 | 0.5.0 | 185.00 | 70.00 | 255.00 | OK |
Version: 0.5.0
Check: installed package size
Result: NOTE
installed size is 10.0Mb
sub-directories of 1Mb or more:
highlight 1.1Mb
libs 8.7Mb
Flavors: r-devel-linux-x86_64-fedora-clang, r-release-osx-x86_64, r-oldrel-osx-x86_64