CRAN Package Check Results for Package hillmakeR

Last updated on 2020-07-02 02:09:51 CEST.

Flavor Version Tinstall Tcheck Ttotal Status Flags
r-devel-linux-x86_64-debian-clang 0.2 2.27 20.53 22.80 NOTE
r-devel-linux-x86_64-debian-gcc 0.2 1.71 16.71 18.42 NOTE
r-devel-linux-x86_64-fedora-clang 0.2 37.43 NOTE
r-devel-linux-x86_64-fedora-gcc 0.2 27.44 NOTE
r-devel-windows-ix86+x86_64 0.2 11.00 38.00 49.00 NOTE
r-patched-linux-x86_64 0.2 2.31 20.80 23.11 NOTE
r-patched-solaris-x86 0.2 45.90 NOTE
r-release-linux-x86_64 0.2 2.16 20.40 22.56 NOTE
r-release-osx-x86_64 0.2 NOTE
r-release-windows-ix86+x86_64 0.2 7.00 40.00 47.00 NOTE
r-oldrel-osx-x86_64 0.2 NOTE
r-oldrel-windows-ix86+x86_64 0.2 6.00 61.00 67.00 NOTE

Check Details

Version: 0.2
Check: DESCRIPTION meta-information
Result: NOTE
    Malformed Description field: should contain one or more complete sentences.
Flavors: r-devel-linux-x86_64-debian-clang, r-devel-linux-x86_64-debian-gcc, r-devel-linux-x86_64-fedora-clang, r-devel-linux-x86_64-fedora-gcc, r-devel-windows-ix86+x86_64, r-patched-linux-x86_64, r-patched-solaris-x86, r-release-linux-x86_64, r-release-osx-x86_64, r-release-windows-ix86+x86_64, r-oldrel-osx-x86_64, r-oldrel-windows-ix86+x86_64

Version: 0.2
Check: R code for possible problems
Result: NOTE
    occupancy: no visible global function definition for 'quantile'
    Undefined global functions or variables:
     quantile
    Consider adding
     importFrom("stats", "quantile")
    to your NAMESPACE file.
Flavors: r-devel-linux-x86_64-debian-clang, r-devel-linux-x86_64-debian-gcc, r-devel-linux-x86_64-fedora-clang, r-devel-linux-x86_64-fedora-gcc, r-devel-windows-ix86+x86_64, r-patched-linux-x86_64, r-patched-solaris-x86, r-release-linux-x86_64, r-release-osx-x86_64, r-release-windows-ix86+x86_64, r-oldrel-osx-x86_64, r-oldrel-windows-ix86+x86_64

Version: 0.2
Check: compiled code
Result: NOTE
    File ‘hillmakeR/libs/hillmakeR.so’:
     Found no calls to: ‘R_registerRoutines’, ‘R_useDynamicSymbols’
    
    It is good practice to register native routines and to disable symbol
    search.
    
    See ‘Writing portable packages’ in the ‘Writing R Extensions’ manual.
Flavors: r-devel-linux-x86_64-fedora-clang, r-devel-linux-x86_64-fedora-gcc