CRAN Package Check Results for Package htmltidy

Last updated on 2020-07-02 02:09:51 CEST.

Flavor Version Tinstall Tcheck Ttotal Status Flags
r-devel-linux-x86_64-debian-clang 0.5.0 53.87 35.97 89.84 OK
r-devel-linux-x86_64-debian-gcc 0.5.0 39.88 27.72 67.60 OK
r-devel-linux-x86_64-fedora-clang 0.5.0 129.14 NOTE
r-devel-linux-x86_64-fedora-gcc 0.5.0 107.81 OK
r-devel-windows-ix86+x86_64 0.5.0 152.00 79.00 231.00 NOTE
r-patched-linux-x86_64 0.5.0 38.24 35.63 73.87 OK
r-patched-solaris-x86 0.5.0 114.80 OK
r-release-linux-x86_64 0.5.0 40.52 35.68 76.20 OK
r-release-osx-x86_64 0.5.0 OK
r-release-windows-ix86+x86_64 0.5.0 115.00 80.00 195.00 NOTE
r-oldrel-osx-x86_64 0.5.0 OK
r-oldrel-windows-ix86+x86_64 0.5.0 122.00 106.00 228.00 OK

Check Details

Version: 0.5.0
Check: installed package size
Result: NOTE
     installed size is 5.0Mb
     sub-directories of 1Mb or more:
     htmlwidgets 1.9Mb
     libs 2.9Mb
Flavors: r-devel-linux-x86_64-fedora-clang, r-devel-windows-ix86+x86_64, r-release-windows-ix86+x86_64