Last updated on 2020-07-02 02:09:51 CEST.
Flavor | Version | Tinstall | Tcheck | Ttotal | Status | Flags |
---|---|---|---|---|---|---|
r-devel-linux-x86_64-debian-clang | 2.0.1 | 23.02 | 296.32 | 319.34 | OK | --no-vignettes |
r-devel-linux-x86_64-debian-gcc | 2.0.1 | 18.76 | 215.98 | 234.74 | OK | --no-vignettes |
r-devel-linux-x86_64-fedora-clang | 2.0.1 | 1029.33 | NOTE | |||
r-devel-linux-x86_64-fedora-gcc | 2.0.1 | 825.40 | OK | |||
r-devel-windows-ix86+x86_64 | 2.0.1 | 57.00 | 732.00 | 789.00 | NOTE | |
r-patched-linux-x86_64 | 2.0.1 | 23.87 | 272.56 | 296.43 | OK | --no-vignettes |
r-patched-solaris-x86 | 2.0.1 | 942.10 | NOTE | |||
r-release-linux-x86_64 | 2.0.1 | 22.65 | 270.24 | 292.89 | OK | --no-vignettes |
r-release-osx-x86_64 | 2.0.1 | NOTE | ||||
r-release-windows-ix86+x86_64 | 2.0.1 | 42.00 | 736.00 | 778.00 | NOTE | |
r-oldrel-osx-x86_64 | 2.0.1 | NOTE | ||||
r-oldrel-windows-ix86+x86_64 | 2.0.1 | 41.00 | 973.00 | 1014.00 | NOTE |
Version: 2.0.1
Check: installed package size
Result: NOTE
installed size is 11.9Mb
sub-directories of 1Mb or more:
data 8.3Mb
doc 2.1Mb
Flavors: r-devel-linux-x86_64-fedora-clang, r-devel-windows-ix86+x86_64, r-patched-solaris-x86, r-release-osx-x86_64, r-release-windows-ix86+x86_64, r-oldrel-osx-x86_64, r-oldrel-windows-ix86+x86_64