Last updated on 2020-07-02 02:09:51 CEST.
Flavor | Version | Tinstall | Tcheck | Ttotal | Status | Flags |
---|---|---|---|---|---|---|
r-devel-linux-x86_64-debian-clang | 1.3.4.1 | 83.37 | 127.37 | 210.74 | OK | |
r-devel-linux-x86_64-debian-gcc | 1.3.4.1 | 62.49 | 100.04 | 162.53 | OK | |
r-devel-linux-x86_64-fedora-clang | 1.3.4.1 | 274.61 | NOTE | |||
r-devel-linux-x86_64-fedora-gcc | 1.3.4.1 | 246.13 | OK | |||
r-devel-windows-ix86+x86_64 | 1.3.4.1 | 185.00 | 197.00 | 382.00 | OK | |
r-patched-linux-x86_64 | 1.3.4.1 | 63.15 | 124.99 | 188.14 | OK | |
r-patched-solaris-x86 | 1.3.4.1 | 286.50 | OK | |||
r-release-linux-x86_64 | 1.3.4.1 | 64.85 | 124.92 | 189.77 | OK | |
r-release-osx-x86_64 | 1.3.4.1 | NOTE | ||||
r-release-windows-ix86+x86_64 | 1.3.4.1 | 135.00 | 207.00 | 342.00 | OK | |
r-oldrel-osx-x86_64 | 1.3.4.1 | NOTE | ||||
r-oldrel-windows-ix86+x86_64 | 1.3.4.1 | 168.00 | 257.00 | 425.00 | OK |
Version: 1.3.4.1
Check: installed package size
Result: NOTE
installed size is 9.4Mb
sub-directories of 1Mb or more:
libs 8.0Mb
Flavors: r-devel-linux-x86_64-fedora-clang, r-release-osx-x86_64, r-oldrel-osx-x86_64