Last updated on 2020-07-02 02:09:51 CEST.
Flavor | Version | Tinstall | Tcheck | Ttotal | Status | Flags |
---|---|---|---|---|---|---|
r-devel-linux-x86_64-debian-clang | 0.0.1 | 3.61 | 33.73 | 37.34 | OK | |
r-devel-linux-x86_64-debian-gcc | 0.0.1 | 2.97 | 25.92 | 28.89 | OK | |
r-devel-linux-x86_64-fedora-clang | 0.0.1 | 53.35 | NOTE | |||
r-devel-linux-x86_64-fedora-gcc | 0.0.1 | 43.36 | NOTE | |||
r-devel-windows-ix86+x86_64 | 0.0.1 | 16.00 | 71.00 | 87.00 | OK | |
r-patched-linux-x86_64 | 0.0.1 | 3.06 | 32.78 | 35.84 | OK | |
r-patched-solaris-x86 | 0.0.1 | 65.80 | NOTE | |||
r-release-linux-x86_64 | 0.0.1 | 3.28 | 32.70 | 35.98 | OK | |
r-release-osx-x86_64 | 0.0.1 | NOTE | ||||
r-release-windows-ix86+x86_64 | 0.0.1 | 10.00 | 45.00 | 55.00 | OK | |
r-oldrel-osx-x86_64 | 0.0.1 | NOTE | ||||
r-oldrel-windows-ix86+x86_64 | 0.0.1 | 34.00 | 81.00 | 115.00 | OK |
Version: 0.0.1
Check: dependencies in R code
Result: NOTE
Namespace in Imports field not imported from: ‘xml2’
All declared Imports should be used.
Flavors: r-devel-linux-x86_64-fedora-clang, r-devel-linux-x86_64-fedora-gcc, r-patched-solaris-x86, r-release-osx-x86_64, r-oldrel-osx-x86_64
Version: 0.0.1
Check: data for non-ASCII characters
Result: NOTE
Note: found 359 marked UTF-8 strings
Flavors: r-devel-linux-x86_64-fedora-clang, r-devel-linux-x86_64-fedora-gcc, r-patched-solaris-x86, r-release-osx-x86_64, r-oldrel-osx-x86_64