Last updated on 2020-07-02 02:09:51 CEST.
Flavor | Version | Tinstall | Tcheck | Ttotal | Status | Flags |
---|---|---|---|---|---|---|
r-devel-linux-x86_64-debian-clang | 0.1.4 | 120.95 | 41.13 | 162.08 | OK | |
r-devel-linux-x86_64-debian-gcc | 0.1.4 | 89.92 | 31.83 | 121.75 | OK | |
r-devel-linux-x86_64-fedora-clang | 0.1.4 | 236.50 | NOTE | |||
r-devel-linux-x86_64-fedora-gcc | 0.1.4 | 207.80 | OK | |||
r-devel-windows-ix86+x86_64 | 0.1.4 | 321.00 | 82.00 | 403.00 | OK | |
r-patched-linux-x86_64 | 0.1.4 | 101.42 | 40.41 | 141.83 | OK | |
r-patched-solaris-x86 | 0.1.4 | 184.00 | OK | |||
r-release-linux-x86_64 | 0.1.4 | 98.07 | 40.43 | 138.50 | OK | |
r-release-osx-x86_64 | 0.1.4 | NOTE | ||||
r-release-windows-ix86+x86_64 | 0.1.4 | 222.00 | 88.00 | 310.00 | OK | |
r-oldrel-osx-x86_64 | 0.1.4 | NOTE | ||||
r-oldrel-windows-ix86+x86_64 | 0.1.4 | 262.00 | 114.00 | 376.00 | OK |
Version: 0.1.4
Check: installed package size
Result: NOTE
installed size is 7.5Mb
sub-directories of 1Mb or more:
libs 7.2Mb
Flavors: r-devel-linux-x86_64-fedora-clang, r-release-osx-x86_64, r-oldrel-osx-x86_64