CRAN Package Check Results for Package iemiscdata

Last updated on 2020-07-02 02:09:51 CEST.

Flavor Version Tinstall Tcheck Ttotal Status Flags
r-devel-linux-x86_64-debian-clang 0.6.1 2.20 25.00 27.20 NOTE
r-devel-linux-x86_64-debian-gcc 0.6.1 1.79 19.84 21.63 NOTE
r-devel-linux-x86_64-fedora-clang 0.6.1 42.18 NOTE
r-devel-linux-x86_64-fedora-gcc 0.6.1 32.25 NOTE
r-devel-windows-ix86+x86_64 0.6.1 9.00 43.00 52.00 NOTE
r-patched-linux-x86_64 0.6.1 2.41 25.71 28.12 NOTE
r-patched-solaris-x86 0.6.1 48.30 NOTE
r-release-linux-x86_64 0.6.1 2.42 25.41 27.83 NOTE
r-release-osx-x86_64 0.6.1 NOTE
r-release-windows-ix86+x86_64 0.6.1 8.00 41.00 49.00 NOTE
r-oldrel-osx-x86_64 0.6.1 NOTE
r-oldrel-windows-ix86+x86_64 0.6.1 5.00 68.00 73.00 NOTE

Check Details

Version: 0.6.1
Check: package dependencies
Result: NOTE
    Package suggested but not available for checking: 'ie2miscdata'
Flavors: r-devel-linux-x86_64-debian-clang, r-devel-linux-x86_64-debian-gcc, r-devel-linux-x86_64-fedora-clang, r-devel-linux-x86_64-fedora-gcc, r-devel-windows-ix86+x86_64, r-patched-linux-x86_64, r-patched-solaris-x86, r-release-linux-x86_64, r-release-osx-x86_64, r-release-windows-ix86+x86_64, r-oldrel-osx-x86_64, r-oldrel-windows-ix86+x86_64

Version: 0.6.1
Check: data for non-ASCII characters
Result: NOTE
     Note: found 1 marked UTF-8 string
Flavors: r-devel-linux-x86_64-fedora-clang, r-devel-linux-x86_64-fedora-gcc, r-patched-solaris-x86, r-release-osx-x86_64, r-oldrel-osx-x86_64