Last updated on 2020-07-02 02:09:51 CEST.
Flavor | Version | Tinstall | Tcheck | Ttotal | Status | Flags |
---|---|---|---|---|---|---|
r-devel-linux-x86_64-debian-clang | 0.9.99 | 2.23 | 26.15 | 28.38 | OK | |
r-devel-linux-x86_64-debian-gcc | 0.9.99 | 1.56 | 20.42 | 21.98 | OK | |
r-devel-linux-x86_64-fedora-clang | 0.9.99 | 42.99 | NOTE | |||
r-devel-linux-x86_64-fedora-gcc | 0.9.99 | 33.91 | NOTE | |||
r-devel-windows-ix86+x86_64 | 0.9.99 | 8.00 | 46.00 | 54.00 | OK | |
r-patched-linux-x86_64 | 0.9.99 | 2.15 | 26.47 | 28.62 | OK | |
r-patched-solaris-x86 | 0.9.99 | 50.10 | NOTE | |||
r-release-linux-x86_64 | 0.9.99 | 2.19 | 26.08 | 28.27 | OK | |
r-release-osx-x86_64 | 0.9.99 | NOTE | ||||
r-release-windows-ix86+x86_64 | 0.9.99 | 6.00 | 40.00 | 46.00 | OK | |
r-oldrel-osx-x86_64 | 0.9.99 | NOTE | ||||
r-oldrel-windows-ix86+x86_64 | 0.9.99 | 5.00 | 67.00 | 72.00 | OK |
Version: 0.9.99
Check: data for non-ASCII characters
Result: NOTE
Note: found 40 marked UTF-8 strings
Flavors: r-devel-linux-x86_64-fedora-clang, r-devel-linux-x86_64-fedora-gcc, r-patched-solaris-x86, r-release-osx-x86_64, r-oldrel-osx-x86_64