Last updated on 2020-07-02 02:09:51 CEST.
Flavor | Version | Tinstall | Tcheck | Ttotal | Status | Flags |
---|---|---|---|---|---|---|
r-devel-linux-x86_64-debian-clang | 0.6.4 | 28.37 | 31.35 | 59.72 | NOTE | |
r-devel-linux-x86_64-debian-gcc | 0.6.4 | 20.54 | 23.77 | 44.31 | NOTE | |
r-devel-linux-x86_64-fedora-clang | 0.6.4 | 86.11 | NOTE | |||
r-devel-linux-x86_64-fedora-gcc | 0.6.4 | 71.75 | NOTE | |||
r-devel-windows-ix86+x86_64 | 0.6.4 | 81.00 | 66.00 | 147.00 | NOTE | |
r-patched-linux-x86_64 | 0.6.4 | 24.04 | 30.21 | 54.25 | NOTE | |
r-patched-solaris-x86 | 0.6.4 | 87.30 | NOTE | |||
r-release-linux-x86_64 | 0.6.4 | 21.31 | 30.35 | 51.66 | NOTE | |
r-release-osx-x86_64 | 0.6.4 | NOTE | ||||
r-release-windows-ix86+x86_64 | 0.6.4 | 58.00 | 70.00 | 128.00 | NOTE | |
r-oldrel-osx-x86_64 | 0.6.4 | NOTE | ||||
r-oldrel-windows-ix86+x86_64 | 0.6.4 | 81.00 | 81.00 | 162.00 | NOTE |
Version: 0.6.4
Check: dependencies in R code
Result: NOTE
There are ::: calls to the package's namespace in its code. A package
almost never needs to use ::: for its own objects:
'count_compare'
Flavors: r-devel-linux-x86_64-debian-clang, r-devel-linux-x86_64-debian-gcc, r-devel-windows-ix86+x86_64, r-patched-linux-x86_64, r-release-linux-x86_64, r-release-windows-ix86+x86_64, r-oldrel-windows-ix86+x86_64
Version: 0.6.4
Check: dependencies in R code
Result: NOTE
Namespace in Imports field not imported from: ‘DBI’
All declared Imports should be used.
There are ::: calls to the package's namespace in its code. A package
almost never needs to use ::: for its own objects:
‘count_compare’
Flavors: r-devel-linux-x86_64-fedora-clang, r-devel-linux-x86_64-fedora-gcc, r-patched-solaris-x86, r-release-osx-x86_64, r-oldrel-osx-x86_64
Version: 0.6.4
Check: compiled code
Result: NOTE
File ‘imputeMulti/libs/imputeMulti.so’:
Found no calls to: ‘R_registerRoutines’, ‘R_useDynamicSymbols’
It is good practice to register native routines and to disable symbol
search.
See ‘Writing portable packages’ in the ‘Writing R Extensions’ manual.
Flavors: r-devel-linux-x86_64-fedora-clang, r-devel-linux-x86_64-fedora-gcc