CRAN Package Check Results for Package imputePSF

Last updated on 2020-07-02 02:09:51 CEST.

Flavor Version Tinstall Tcheck Ttotal Status Flags
r-devel-linux-x86_64-debian-clang 0.1.0 2.69 25.29 27.98 NOTE
r-devel-linux-x86_64-debian-gcc 0.1.0 2.22 19.36 21.58 NOTE
r-devel-linux-x86_64-fedora-clang 0.1.0 41.76 NOTE
r-devel-linux-x86_64-fedora-gcc 0.1.0 31.90 NOTE
r-devel-windows-ix86+x86_64 0.1.0 13.00 39.00 52.00 NOTE
r-patched-linux-x86_64 0.1.0 2.89 24.16 27.05 NOTE
r-patched-solaris-x86 0.1.0 52.70 NOTE
r-release-linux-x86_64 0.1.0 2.78 24.28 27.06 NOTE
r-release-osx-x86_64 0.1.0 NOTE
r-release-windows-ix86+x86_64 0.1.0 7.00 38.00 45.00 NOTE
r-oldrel-osx-x86_64 0.1.0 NOTE
r-oldrel-windows-ix86+x86_64 0.1.0 10.00 55.00 65.00 NOTE

Check Details

Version: 0.1.0
Check: R code for possible problems
Result: NOTE
    heal_data: no visible global function definition for 'optimum_k'
    heal_data: no visible global function definition for 'optimum_w'
    heal_data: no visible global function definition for 'pred_for_w'
    Undefined global functions or variables:
     optimum_k optimum_w pred_for_w
Flavors: r-devel-linux-x86_64-debian-clang, r-devel-linux-x86_64-debian-gcc, r-devel-linux-x86_64-fedora-clang, r-devel-linux-x86_64-fedora-gcc, r-devel-windows-ix86+x86_64, r-patched-linux-x86_64, r-patched-solaris-x86, r-release-linux-x86_64, r-release-osx-x86_64, r-release-windows-ix86+x86_64, r-oldrel-osx-x86_64, r-oldrel-windows-ix86+x86_64