Last updated on 2020-07-02 02:09:51 CEST.
Flavor | Version | Tinstall | Tcheck | Ttotal | Status | Flags |
---|---|---|---|---|---|---|
r-devel-linux-x86_64-debian-clang | 0.1.11 | 6.32 | 51.18 | 57.50 | OK | |
r-devel-linux-x86_64-debian-gcc | 0.1.11 | 4.96 | 39.32 | 44.28 | OK | |
r-devel-linux-x86_64-fedora-clang | 0.1.11 | 76.68 | NOTE | |||
r-devel-linux-x86_64-fedora-gcc | 0.1.11 | 66.79 | NOTE | |||
r-devel-windows-ix86+x86_64 | 0.1.11 | 31.00 | 69.00 | 100.00 | OK | |
r-patched-linux-x86_64 | 0.1.11 | 4.32 | 50.40 | 54.72 | OK | |
r-patched-solaris-x86 | 0.1.11 | 97.50 | NOTE | |||
r-release-linux-x86_64 | 0.1.11 | 3.82 | 49.74 | 53.56 | OK | |
r-release-osx-x86_64 | 0.1.11 | NOTE | ||||
r-release-windows-ix86+x86_64 | 0.1.11 | 15.00 | 65.00 | 80.00 | OK | |
r-oldrel-osx-x86_64 | 0.1.11 | NOTE | ||||
r-oldrel-windows-ix86+x86_64 | 0.1.11 | 18.00 | 114.00 | 132.00 | OK |
Version: 0.1.11
Check: dependencies in R code
Result: NOTE
Namespace in Imports field not imported from: ‘ca’
All declared Imports should be used.
Flavors: r-devel-linux-x86_64-fedora-clang, r-devel-linux-x86_64-fedora-gcc, r-patched-solaris-x86, r-release-osx-x86_64, r-oldrel-osx-x86_64