Last updated on 2020-07-02 02:09:52 CEST.
Flavor | Version | Tinstall | Tcheck | Ttotal | Status | Flags |
---|---|---|---|---|---|---|
r-devel-linux-x86_64-debian-clang | 0.4.4 | 112.65 | 466.68 | 579.33 | OK | |
r-devel-linux-x86_64-debian-gcc | 0.4.4 | 85.00 | 340.90 | 425.90 | OK | |
r-devel-linux-x86_64-fedora-clang | 0.4.4 | 712.73 | NOTE | |||
r-devel-linux-x86_64-fedora-gcc | 0.4.4 | 693.68 | OK | |||
r-devel-windows-ix86+x86_64 | 0.4.4 | 290.00 | 746.00 | 1036.00 | OK | |
r-patched-linux-x86_64 | 0.4.4 | 91.07 | 452.29 | 543.36 | OK | |
r-patched-solaris-x86 | 0.4.4 | 887.50 | OK | |||
r-release-linux-x86_64 | 0.4.4 | 90.96 | 447.92 | 538.88 | OK | |
r-release-osx-x86_64 | 0.4.4 | NOTE | ||||
r-release-windows-ix86+x86_64 | 0.4.4 | 208.00 | 757.00 | 965.00 | OK | |
r-oldrel-osx-x86_64 | 0.4.4 | NOTE | ||||
r-oldrel-windows-ix86+x86_64 | 0.4.4 | 218.00 | 916.00 | 1134.00 | OK |
Version: 0.4.4
Check: installed package size
Result: NOTE
installed size is 7.6Mb
sub-directories of 1Mb or more:
data 1.3Mb
libs 5.0Mb
Flavors: r-devel-linux-x86_64-fedora-clang, r-release-osx-x86_64, r-oldrel-osx-x86_64