Last updated on 2020-07-02 02:09:52 CEST.
Flavor | Version | Tinstall | Tcheck | Ttotal | Status | Flags |
---|---|---|---|---|---|---|
r-devel-linux-x86_64-debian-clang | 1.0.0 | 63.09 | 31.59 | 94.68 | OK | |
r-devel-linux-x86_64-debian-gcc | 1.0.0 | 47.34 | 25.40 | 72.74 | OK | |
r-devel-linux-x86_64-fedora-clang | 1.0.0 | 146.33 | NOTE | |||
r-devel-linux-x86_64-fedora-gcc | 1.0.0 | 123.59 | OK | |||
r-devel-windows-ix86+x86_64 | 1.0.0 | 171.00 | 67.00 | 238.00 | OK | |
r-patched-linux-x86_64 | 1.0.0 | 56.23 | 32.18 | 88.41 | OK | |
r-patched-solaris-x86 | 1.0.0 | 128.90 | OK | |||
r-release-linux-x86_64 | 1.0.0 | 52.85 | 32.93 | 85.78 | OK | |
r-release-osx-x86_64 | 1.0.0 | NOTE | ||||
r-release-windows-ix86+x86_64 | 1.0.0 | 113.00 | 67.00 | 180.00 | OK | |
r-oldrel-osx-x86_64 | 1.0.0 | NOTE | ||||
r-oldrel-windows-ix86+x86_64 | 1.0.0 | 120.00 | 88.00 | 208.00 | OK |
Version: 1.0.0
Check: installed package size
Result: NOTE
installed size is 10.2Mb
sub-directories of 1Mb or more:
libs 10.0Mb
Flavors: r-devel-linux-x86_64-fedora-clang, r-release-osx-x86_64, r-oldrel-osx-x86_64