Last updated on 2020-07-02 02:09:52 CEST.
Flavor | Version | Tinstall | Tcheck | Ttotal | Status | Flags |
---|---|---|---|---|---|---|
r-devel-linux-x86_64-debian-clang | 0.5-2 | 3.37 | 39.83 | 43.20 | OK | |
r-devel-linux-x86_64-debian-gcc | 0.5-2 | 2.49 | 32.19 | 34.68 | OK | |
r-devel-linux-x86_64-fedora-clang | 0.5-2 | 63.09 | OK | |||
r-devel-linux-x86_64-fedora-gcc | 0.5-2 | 52.99 | OK | |||
r-devel-windows-ix86+x86_64 | 0.5-2 | 14.00 | 65.00 | 79.00 | OK | |
r-patched-linux-x86_64 | 0.5-2 | 3.35 | 41.35 | 44.70 | OK | |
r-patched-solaris-x86 | 0.5-2 | 73.20 | OK | |||
r-release-linux-x86_64 | 0.5-2 | 3.23 | 40.72 | 43.95 | OK | |
r-release-osx-x86_64 | 0.5-2 | OK | ||||
r-release-windows-ix86+x86_64 | 0.5-2 | 9.00 | 59.00 | 68.00 | OK | |
r-oldrel-osx-x86_64 | 0.5-2 | NOTE | ||||
r-oldrel-windows-ix86+x86_64 | 0.5-2 | 8.00 | 90.00 | 98.00 | OK |
Version: 0.5-2
Check: package dependencies
Result: NOTE
Package suggested but not available for checking: ‘Rgraphviz’
Flavor: r-oldrel-osx-x86_64
Version: 0.5-2
Check: re-building of vignette outputs
Result: NOTE
Error(s) in re-building vignettes:
--- re-building ‘kst.Rnw’ using Sweave
Loading required package: proxy
Attaching package: ‘proxy’
The following objects are masked from ‘package:stats’:
as.dist, dist
The following object is masked from ‘package:base’:
as.matrix
Loading required package: relations
Loading required package: sets
Loading required namespace: Rgraphviz
Failed with error: ‘there is no package called ‘Rgraphviz’’
Loading required namespace: Rgraphviz
Failed with error: ‘there is no package called ‘Rgraphviz’’
Loading required namespace: Rgraphviz
Failed with error: ‘there is no package called ‘Rgraphviz’’
Loading required namespace: Rgraphviz
Failed with error: ‘there is no package called ‘Rgraphviz’’
Error: processing vignette 'kst.Rnw' failed with diagnostics:
Running 'texi2dvi' on 'kst.tex' failed.
LaTeX errors:
!pdfTeX error: pdflatex (file ./kst-012.pdf): PDF inclusion: required page does
not exist <0>
==> Fatal error occurred, no output PDF file produced!
--- failed re-building ‘kst.Rnw’
SUMMARY: processing the following file failed:
‘kst.Rnw’
Error: Vignette re-building failed.
Execution halted
Flavor: r-oldrel-osx-x86_64