CRAN Package Check Results for Package labeling

Last updated on 2020-07-02 02:09:52 CEST.

Flavor Version Tinstall Tcheck Ttotal Status Flags
r-devel-linux-x86_64-debian-clang 0.3 2.59 20.88 23.47 NOTE
r-devel-linux-x86_64-debian-gcc 0.3 2.02 16.29 18.31 NOTE
r-devel-linux-x86_64-fedora-clang 0.3 37.04 NOTE
r-devel-linux-x86_64-fedora-gcc 0.3 27.64 NOTE
r-devel-windows-ix86+x86_64 0.3 9.00 29.00 38.00 NOTE
r-patched-linux-x86_64 0.3 2.50 21.16 23.66 NOTE
r-patched-solaris-x86 0.3 40.70 NOTE
r-release-linux-x86_64 0.3 1.90 20.62 22.52 NOTE
r-release-osx-x86_64 0.3 NOTE
r-release-windows-ix86+x86_64 0.3 6.00 34.00 40.00 NOTE
r-oldrel-osx-x86_64 0.3 NOTE
r-oldrel-windows-ix86+x86_64 0.3 10.00 40.00 50.00 NOTE

Check Details

Version: 0.3
Check: DESCRIPTION meta-information
Result: NOTE
    Malformed Description field: should contain one or more complete sentences.
Flavors: r-devel-linux-x86_64-debian-clang, r-devel-linux-x86_64-debian-gcc, r-devel-linux-x86_64-fedora-clang, r-devel-linux-x86_64-fedora-gcc, r-devel-windows-ix86+x86_64, r-patched-linux-x86_64, r-patched-solaris-x86, r-release-linux-x86_64, r-release-osx-x86_64, r-release-windows-ix86+x86_64, r-oldrel-osx-x86_64, r-oldrel-windows-ix86+x86_64

Version: 0.3
Check: R code for possible problems
Result: NOTE
    extended.figures: no visible global function definition for 'par'
    extended.figures: no visible global function definition for 'runif'
    extended.figures : figure2: no visible global function definition for
     'hist'
    extended.figures : figure2: no visible global function definition for
     'axis'
    extended.figures : figure3 : <anonymous>: no visible global function
     definition for 'median'
    extended.figures : figure3: no visible global function definition for
     'barplot'
    Undefined global functions or variables:
     axis barplot hist median par runif
    Consider adding
     importFrom("graphics", "axis", "barplot", "hist", "par")
     importFrom("stats", "median", "runif")
    to your NAMESPACE file.
Flavors: r-devel-linux-x86_64-debian-clang, r-devel-linux-x86_64-debian-gcc, r-devel-linux-x86_64-fedora-clang, r-devel-linux-x86_64-fedora-gcc, r-devel-windows-ix86+x86_64, r-patched-linux-x86_64, r-patched-solaris-x86, r-release-linux-x86_64, r-release-osx-x86_64, r-release-windows-ix86+x86_64, r-oldrel-osx-x86_64, r-oldrel-windows-ix86+x86_64