Last updated on 2020-07-02 02:09:52 CEST.
Flavor | Version | Tinstall | Tcheck | Ttotal | Status | Flags |
---|---|---|---|---|---|---|
r-devel-linux-x86_64-debian-clang | 0.5.1 | 7.68 | 120.99 | 128.67 | OK | |
r-devel-linux-x86_64-debian-gcc | 0.5.1 | 5.73 | 95.93 | 101.66 | OK | |
r-devel-linux-x86_64-fedora-clang | 0.5.1 | 164.02 | NOTE | |||
r-devel-linux-x86_64-fedora-gcc | 0.5.1 | 155.07 | OK | |||
r-devel-windows-ix86+x86_64 | 0.5.1 | 15.00 | 167.00 | 182.00 | OK | |
r-patched-linux-x86_64 | 0.5.1 | 5.89 | 122.55 | 128.44 | OK | |
r-patched-solaris-x86 | 0.5.1 | 224.10 | OK | |||
r-release-linux-x86_64 | 0.5.1 | 6.72 | 120.69 | 127.41 | OK | |
r-release-osx-x86_64 | 0.5.1 | OK | ||||
r-release-windows-ix86+x86_64 | 0.5.1 | 13.00 | 146.00 | 159.00 | OK | |
r-oldrel-osx-x86_64 | 0.5.1 | OK | ||||
r-oldrel-windows-ix86+x86_64 | 0.5.1 | 11.00 | 198.00 | 209.00 | OK |
Version: 0.5.1
Check: Rd cross-references
Result: NOTE
Undeclared package ‘sampling’ in Rd xrefs
Flavor: r-devel-linux-x86_64-fedora-clang