Last updated on 2020-07-02 02:09:52 CEST.
Flavor | Version | Tinstall | Tcheck | Ttotal | Status | Flags |
---|---|---|---|---|---|---|
r-devel-linux-x86_64-debian-clang | 0.1.0 | 2.55 | 17.97 | 20.52 | OK | |
r-devel-linux-x86_64-debian-gcc | 0.1.0 | 2.10 | 14.19 | 16.29 | OK | |
r-devel-linux-x86_64-fedora-clang | 0.1.0 | 33.81 | NOTE | |||
r-devel-linux-x86_64-fedora-gcc | 0.1.0 | 23.73 | NOTE | |||
r-devel-windows-ix86+x86_64 | 0.1.0 | 8.00 | 33.00 | 41.00 | OK | |
r-patched-linux-x86_64 | 0.1.0 | 2.39 | 17.88 | 20.27 | OK | |
r-patched-solaris-x86 | 0.1.0 | 37.60 | NOTE | |||
r-release-linux-x86_64 | 0.1.0 | 2.45 | 17.62 | 20.07 | OK | |
r-release-osx-x86_64 | 0.1.0 | NOTE | ||||
r-release-windows-ix86+x86_64 | 0.1.0 | 5.00 | 31.00 | 36.00 | OK | |
r-oldrel-osx-x86_64 | 0.1.0 | NOTE | ||||
r-oldrel-windows-ix86+x86_64 | 0.1.0 | 4.00 | 42.00 | 46.00 | OK |
Version: 0.1.0
Check: dependencies in R code
Result: NOTE
Namespace in Imports field not imported from: ‘R6’
All declared Imports should be used.
Flavors: r-devel-linux-x86_64-fedora-clang, r-devel-linux-x86_64-fedora-gcc, r-patched-solaris-x86, r-release-osx-x86_64, r-oldrel-osx-x86_64